{"id":9932,"date":"2025-11-13T19:22:25","date_gmt":"2025-11-13T18:22:25","guid":{"rendered":"https:\/\/sjloyola.org\/event\/deustuko-ucako-martirien-urteurrena\/"},"modified":"2025-11-13T19:22:25","modified_gmt":"2025-11-13T18:22:25","slug":"deustuko-ucako-martirien-urteurrena","status":"publish","type":"tribe_events","link":"https:\/\/sjloyola.org\/eu\/event\/deustuko-ucako-martirien-urteurrena\/","title":{"rendered":"Deustuko UCAko martirien urteurrena"},"content":{"rendered":"<p><strong>Azaroaren 17an,<\/strong> <strong>El Salvadorreko Erdialdeko Amerikako Unibertsitateko (UCA) martiriak gogoratuko ditugu:<\/strong> sei jesuita eta bi emakume 1989an erail zituzten justiziaren, bakearen eta egiaren aldeko konpromisoagatik. Haien lekukotza itxaropenaren eta gure unibertsitate jesuiten misioarekiko leialtasunaren seinale izaten jarraitzen du. <\/p>\n<p>Urteurren hau ospatzeko, bi oroitzapen-une partekatutan parte hartzera gonbidatzen zaituztegu:<\/p>\n<ul>\n<li><strong>Bilbon,<\/strong> 13:00etan, kapera gotikoan, otoitz egiteko une bat izango dugu Jesusen Lagundiko nobizioekin batera, martiriak eta haien fede eta unibertsitate-konpromisoaren ondarea gogoratuz.<\/li>\n<li><strong>Donostian<\/strong> 13:00etan otoitz egiteko denbora izango dugu Antxieta kaperan.<\/li>\n<li>15:30etik 16:45era, Churruca Aretoan, UCAko F\u00e1tima Pe\u00f1arekin solasaldia izango dugu, gaur egun Bilbon dagoena. Berak El Salvadorreko unibertsitateak bere misioa nola bizi duen herrialdeko egungo testuinguruan azalduko digu. Bilera online ere izango da eskuragarri. Mintegian izena emateko, erabili ondorengo <a href=\"https:\/\/forms.gle\/ZZdntLipuw7BsP5u7\" target=\"_blank\" rel=\"noopener\" data-saferedirecturl=\"https:\/\/www.google.com\/url?q=https:\/\/forms.gle\/ZZdntLipuw7BsP5u7&amp;source=gmail&amp;ust=1763143817487000&amp;usg=AOvVaw0vZFuAHfaZDvUTY7kSSYXv\">esteka<\/a> .  <\/li>\n<\/ul>\n<p>F\u00e1tima Pe\u00f1ak Gizarte Komunikazioan lizentziatua eta Zientzia Politikoetan masterra du Jos\u00e9 Sime\u00f3n Ca\u00f1as Erdialdeko Amerikako Unibertsitatetik (UCA). Gaur egun, UCAko Gizarte Hedapenerako Errektoreordetzako defentsa-arloko koordinatzaile gisa dihardu, eta unibertsitate bereko Soziologia eta Zientzia Politikoen Saileko irakasle gisa. 2013tik 2016ra, kazetari gisa lan egin zuen. Bere interes-eremuen artean daude elite ekonomiko eta politikoak, ingurumen-gatazkak eta erregimen politikoen trantsizioak.   <\/p>\n<p><img loading=\"lazy\" decoding=\"async\" class=\"alignnone wp-image-9927 size-full\" src=\"https:\/\/sjloyola.org\/wp-content\/uploads\/2025\/11\/Martires-UCA-Deusto.avif\" alt=\"\" width=\"594\" height=\"156\" srcset=\"https:\/\/sjloyola.org\/wp-content\/uploads\/2025\/11\/Martires-UCA-Deusto.avif 594w, https:\/\/sjloyola.org\/wp-content\/uploads\/2025\/11\/Martires-UCA-Deusto-300x79.avif 300w, https:\/\/sjloyola.org\/wp-content\/uploads\/2025\/11\/Martires-UCA-Deusto-480x126.avif 480w\" sizes=\"(max-width: 594px) 100vw, 594px\" \/><\/p>\n","protected":false},"excerpt":{"rendered":"<p>Azaroaren 17an, El Salvadorreko Erdialdeko Amerikako Unibertsitateko (UCA) martiriak gogoratuko ditugu: sei jesuita eta bi emakume 1989an erail zituzten justiziaren, bakearen eta egiaren aldeko konpromisoagatik. Haien lekukotza itxaropenaren eta gure [&hellip;]<\/p>\n","protected":false},"author":5,"featured_media":9930,"template":"","meta":{"_et_pb_use_builder":"","_et_pb_old_content":"","_et_gb_content_width":"","_price":"","_stock":"","_tribe_ticket_header":"","_tribe_default_ticket_provider":"","_ticket_start_date":"","_ticket_end_date":"","_tribe_ticket_show_description":"","_tribe_ticket_show_not_going":false,"_tribe_ticket_use_global_stock":"","_tribe_ticket_global_stock_level":"","_global_stock_mode":"","_global_stock_cap":"","_tribe_rsvp_for_event":"","_tribe_ticket_going_count":"","_tribe_ticket_not_going_count":"","_tribe_tickets_list":"[]","_tribe_ticket_has_attendee_info_fields":false,"_tribe_events_status":"","_tribe_events_status_reason":"","footnotes":"","_tec_slr_enabled":"","_tec_slr_layout":""},"tags":[],"tribe_events_cat":[394,320],"class_list":["post-9932","tribe_events","type-tribe_events","status-publish","has-post-thumbnail","hentry","tribe_events_cat-otoitzaldia","tribe_events_cat-topaketa","cat_otoitzaldia","cat_topaketa"],"yoast_head":"<!-- This site is optimized with the Yoast SEO plugin v27.5 - https:\/\/yoast.com\/product\/yoast-seo-wordpress\/ -->\n<title>Deustuko UCAko martirien urteurrena - Jesuitas Loyola<\/title>\n<meta name=\"robots\" content=\"index, follow, max-snippet:-1, max-image-preview:large, max-video-preview:-1\" \/>\n<link rel=\"canonical\" href=\"https:\/\/sjloyola.org\/eu\/event\/deustuko-ucako-martirien-urteurrena\/\" \/>\n<meta property=\"og:locale\" content=\"eu_ES\" \/>\n<meta property=\"og:type\" content=\"article\" \/>\n<meta property=\"og:title\" content=\"Deustuko UCAko martirien urteurrena - Jesuitas Loyola\" \/>\n<meta property=\"og:description\" content=\"Azaroaren 17an, El Salvadorreko Erdialdeko Amerikako Unibertsitateko (UCA) martiriak gogoratuko ditugu: sei jesuita eta bi emakume 1989an erail zituzten justiziaren, bakearen eta egiaren aldeko konpromisoagatik. Haien lekukotza itxaropenaren eta gure [&hellip;]\" \/>\n<meta property=\"og:url\" content=\"https:\/\/sjloyola.org\/eu\/event\/deustuko-ucako-martirien-urteurrena\/\" \/>\n<meta property=\"og:site_name\" content=\"Jesuitas Loyola\" \/>\n<meta property=\"og:image\" content=\"https:\/\/sjloyola.org\/wp-content\/uploads\/2025\/11\/UCA-2025.avif\" \/>\n\t<meta property=\"og:image:width\" content=\"757\" \/>\n\t<meta property=\"og:image:height\" content=\"426\" \/>\n\t<meta property=\"og:image:type\" content=\"image\/jpeg\" \/>\n<meta name=\"twitter:card\" content=\"summary_large_image\" \/>\n<meta name=\"twitter:label1\" content=\"Est. reading time\" \/>\n\t<meta name=\"twitter:data1\" content=\"1 minute\" \/>\n<script type=\"application\/ld+json\" class=\"yoast-schema-graph\">{\"@context\":\"https:\\\/\\\/schema.org\",\"@graph\":[{\"@type\":\"WebPage\",\"@id\":\"https:\\\/\\\/sjloyola.org\\\/eu\\\/event\\\/deustuko-ucako-martirien-urteurrena\\\/\",\"url\":\"https:\\\/\\\/sjloyola.org\\\/eu\\\/event\\\/deustuko-ucako-martirien-urteurrena\\\/\",\"name\":\"Deustuko UCAko martirien urteurrena - Jesuitas Loyola\",\"isPartOf\":{\"@id\":\"https:\\\/\\\/sjloyola.org\\\/eu\\\/#website\"},\"primaryImageOfPage\":{\"@id\":\"https:\\\/\\\/sjloyola.org\\\/eu\\\/event\\\/deustuko-ucako-martirien-urteurrena\\\/#primaryimage\"},\"image\":{\"@id\":\"https:\\\/\\\/sjloyola.org\\\/eu\\\/event\\\/deustuko-ucako-martirien-urteurrena\\\/#primaryimage\"},\"thumbnailUrl\":\"https:\\\/\\\/sjloyola.org\\\/wp-content\\\/uploads\\\/2025\\\/11\\\/UCA-2025.avif\",\"datePublished\":\"2025-11-13T18:22:25+00:00\",\"breadcrumb\":{\"@id\":\"https:\\\/\\\/sjloyola.org\\\/eu\\\/event\\\/deustuko-ucako-martirien-urteurrena\\\/#breadcrumb\"},\"inLanguage\":\"eu-ES\",\"potentialAction\":[{\"@type\":\"ReadAction\",\"target\":[\"https:\\\/\\\/sjloyola.org\\\/eu\\\/event\\\/deustuko-ucako-martirien-urteurrena\\\/\"]}]},{\"@type\":\"ImageObject\",\"inLanguage\":\"eu-ES\",\"@id\":\"https:\\\/\\\/sjloyola.org\\\/eu\\\/event\\\/deustuko-ucako-martirien-urteurrena\\\/#primaryimage\",\"url\":\"https:\\\/\\\/sjloyola.org\\\/wp-content\\\/uploads\\\/2025\\\/11\\\/UCA-2025.avif\",\"contentUrl\":\"https:\\\/\\\/sjloyola.org\\\/wp-content\\\/uploads\\\/2025\\\/11\\\/UCA-2025.avif\",\"width\":757,\"height\":426},{\"@type\":\"BreadcrumbList\",\"@id\":\"https:\\\/\\\/sjloyola.org\\\/eu\\\/event\\\/deustuko-ucako-martirien-urteurrena\\\/#breadcrumb\",\"itemListElement\":[{\"@type\":\"ListItem\",\"position\":1,\"name\":\"Portada\",\"item\":\"https:\\\/\\\/sjloyola.org\\\/eu\\\/kantabria-errioxa-euskadi-eta-nafarroako-jesuitak\\\/\"},{\"@type\":\"ListItem\",\"position\":2,\"name\":\"Events\",\"item\":\"https:\\\/\\\/sjloyola.org\\\/eu\\\/events\\\/\"},{\"@type\":\"ListItem\",\"position\":3,\"name\":\"Deustuko UCAko martirien urteurrena\"}]},{\"@type\":\"WebSite\",\"@id\":\"https:\\\/\\\/sjloyola.org\\\/eu\\\/#website\",\"url\":\"https:\\\/\\\/sjloyola.org\\\/eu\\\/\",\"name\":\"Jesuitas Loyola\",\"description\":\"Plataforma Apost\u00f3lica de los Jesuitas en Cantabria, Pa\u00eds Vasco y Navarra\",\"potentialAction\":[{\"@type\":\"SearchAction\",\"target\":{\"@type\":\"EntryPoint\",\"urlTemplate\":\"https:\\\/\\\/sjloyola.org\\\/eu\\\/?s={search_term_string}\"},\"query-input\":{\"@type\":\"PropertyValueSpecification\",\"valueRequired\":true,\"valueName\":\"search_term_string\"}}],\"inLanguage\":\"eu-ES\"}]}<\/script>\n<!-- \/ Yoast SEO plugin. -->","yoast_head_json":{"title":"Deustuko UCAko martirien urteurrena - Jesuitas Loyola","robots":{"index":"index","follow":"follow","max-snippet":"max-snippet:-1","max-image-preview":"max-image-preview:large","max-video-preview":"max-video-preview:-1"},"canonical":"https:\/\/sjloyola.org\/eu\/event\/deustuko-ucako-martirien-urteurrena\/","og_locale":"eu_ES","og_type":"article","og_title":"Deustuko UCAko martirien urteurrena - Jesuitas Loyola","og_description":"Azaroaren 17an, El Salvadorreko Erdialdeko Amerikako Unibertsitateko (UCA) martiriak gogoratuko ditugu: sei jesuita eta bi emakume 1989an erail zituzten justiziaren, bakearen eta egiaren aldeko konpromisoagatik. Haien lekukotza itxaropenaren eta gure [&hellip;]","og_url":"https:\/\/sjloyola.org\/eu\/event\/deustuko-ucako-martirien-urteurrena\/","og_site_name":"Jesuitas Loyola","og_image":[{"width":757,"height":426,"url":"https:\/\/sjloyola.org\/wp-content\/uploads\/2025\/11\/UCA-2025.avif","type":"image\/jpeg"}],"twitter_card":"summary_large_image","twitter_misc":{"Est. reading time":"1 minute"},"schema":{"@context":"https:\/\/schema.org","@graph":[{"@type":"WebPage","@id":"https:\/\/sjloyola.org\/eu\/event\/deustuko-ucako-martirien-urteurrena\/","url":"https:\/\/sjloyola.org\/eu\/event\/deustuko-ucako-martirien-urteurrena\/","name":"Deustuko UCAko martirien urteurrena - Jesuitas Loyola","isPartOf":{"@id":"https:\/\/sjloyola.org\/eu\/#website"},"primaryImageOfPage":{"@id":"https:\/\/sjloyola.org\/eu\/event\/deustuko-ucako-martirien-urteurrena\/#primaryimage"},"image":{"@id":"https:\/\/sjloyola.org\/eu\/event\/deustuko-ucako-martirien-urteurrena\/#primaryimage"},"thumbnailUrl":"https:\/\/sjloyola.org\/wp-content\/uploads\/2025\/11\/UCA-2025.avif","datePublished":"2025-11-13T18:22:25+00:00","breadcrumb":{"@id":"https:\/\/sjloyola.org\/eu\/event\/deustuko-ucako-martirien-urteurrena\/#breadcrumb"},"inLanguage":"eu-ES","potentialAction":[{"@type":"ReadAction","target":["https:\/\/sjloyola.org\/eu\/event\/deustuko-ucako-martirien-urteurrena\/"]}]},{"@type":"ImageObject","inLanguage":"eu-ES","@id":"https:\/\/sjloyola.org\/eu\/event\/deustuko-ucako-martirien-urteurrena\/#primaryimage","url":"https:\/\/sjloyola.org\/wp-content\/uploads\/2025\/11\/UCA-2025.avif","contentUrl":"https:\/\/sjloyola.org\/wp-content\/uploads\/2025\/11\/UCA-2025.avif","width":757,"height":426},{"@type":"BreadcrumbList","@id":"https:\/\/sjloyola.org\/eu\/event\/deustuko-ucako-martirien-urteurrena\/#breadcrumb","itemListElement":[{"@type":"ListItem","position":1,"name":"Portada","item":"https:\/\/sjloyola.org\/eu\/kantabria-errioxa-euskadi-eta-nafarroako-jesuitak\/"},{"@type":"ListItem","position":2,"name":"Events","item":"https:\/\/sjloyola.org\/eu\/events\/"},{"@type":"ListItem","position":3,"name":"Deustuko UCAko martirien urteurrena"}]},{"@type":"WebSite","@id":"https:\/\/sjloyola.org\/eu\/#website","url":"https:\/\/sjloyola.org\/eu\/","name":"Jesuitas Loyola","description":"Plataforma Apost\u00f3lica de los Jesuitas en Cantabria, Pa\u00eds Vasco y Navarra","potentialAction":[{"@type":"SearchAction","target":{"@type":"EntryPoint","urlTemplate":"https:\/\/sjloyola.org\/eu\/?s={search_term_string}"},"query-input":{"@type":"PropertyValueSpecification","valueRequired":true,"valueName":"search_term_string"}}],"inLanguage":"eu-ES"}]}},"ticketed":false,"_links":{"self":[{"href":"https:\/\/sjloyola.org\/eu\/wp-json\/wp\/v2\/tribe_events\/9932","targetHints":{"allow":["GET"]}}],"collection":[{"href":"https:\/\/sjloyola.org\/eu\/wp-json\/wp\/v2\/tribe_events"}],"about":[{"href":"https:\/\/sjloyola.org\/eu\/wp-json\/wp\/v2\/types\/tribe_events"}],"author":[{"embeddable":true,"href":"https:\/\/sjloyola.org\/eu\/wp-json\/wp\/v2\/users\/5"}],"version-history":[{"count":0,"href":"https:\/\/sjloyola.org\/eu\/wp-json\/wp\/v2\/tribe_events\/9932\/revisions"}],"wp:featuredmedia":[{"embeddable":true,"href":"https:\/\/sjloyola.org\/eu\/wp-json\/wp\/v2\/media\/9930"}],"wp:attachment":[{"href":"https:\/\/sjloyola.org\/eu\/wp-json\/wp\/v2\/media?parent=9932"}],"wp:term":[{"taxonomy":"post_tag","embeddable":true,"href":"https:\/\/sjloyola.org\/eu\/wp-json\/wp\/v2\/tags?post=9932"},{"taxonomy":"tribe_events_cat","embeddable":true,"href":"https:\/\/sjloyola.org\/eu\/wp-json\/wp\/v2\/tribe_events_cat?post=9932"}],"curies":[{"name":"wp","href":"https:\/\/api.w.org\/{rel}","templated":true}]}}

<p><strong>Azaroaren 17an,</strong> <strong>El Salvadorreko Erdialdeko Amerikako Unibertsitateko (UCA) martiriak gogoratuko ditugu:</strong> sei jesuita eta bi emakume 1989an erail zituzten justiziaren, bakearen eta egiaren aldeko konpromisoagatik. Haien lekukotza itxaropenaren eta gure unibertsitate jesuiten misioarekiko leialtasunaren seinale izaten jarraitzen du. </p>
<p>Urteurren hau ospatzeko, bi oroitzapen-une partekatutan parte hartzera gonbidatzen zaituztegu:</p>
<ul>
<li><strong>Bilbon,</strong> 13:00etan, kapera gotikoan, otoitz egiteko une bat izango dugu Jesusen Lagundiko nobizioekin batera, martiriak eta haien fede eta unibertsitate-konpromisoaren ondarea gogoratuz.</li>
<li><strong>Donostian</strong> 13:00etan otoitz egiteko denbora izango dugu Antxieta kaperan.</li>
<li>15:30etik 16:45era, Churruca Aretoan, UCAko Fátima Peñarekin solasaldia izango dugu, gaur egun Bilbon dagoena. Berak El Salvadorreko unibertsitateak bere misioa nola bizi duen herrialdeko egungo testuinguruan azalduko digu. Bilera online ere izango da eskuragarri. Mintegian izena emateko, erabili ondorengo <a href="https://forms.gle/ZZdntLipuw7BsP5u7" target="_blank" rel="noopener" data-saferedirecturl="https://www.google.com/url?q=https://forms.gle/ZZdntLipuw7BsP5u7&amp;source=gmail&amp;ust=1763143817487000&amp;usg=AOvVaw0vZFuAHfaZDvUTY7kSSYXv">esteka</a> .  </li>
</ul>
<p>Fátima Peñak Gizarte Komunikazioan lizentziatua eta Zientzia Politikoetan masterra du José Simeón Cañas Erdialdeko Amerikako Unibertsitatetik (UCA). Gaur egun, UCAko Gizarte Hedapenerako Errektoreordetzako defentsa-arloko koordinatzaile gisa dihardu, eta unibertsitate bereko Soziologia eta Zientzia Politikoen Saileko irakasle gisa. 2013tik 2016ra, kazetari gisa lan egin zuen. Bere interes-eremuen artean daude elite ekonomiko eta politikoak, ingurumen-gatazkak eta erregimen politikoen trantsizioak.   </p>
<p><img loading="lazy" decoding="async" class="alignnone wp-image-9927 size-full" src="https://sjloyola.org/wp-content/uploads/2025/11/Martires-UCA-Deusto.avif" alt="" width="594" height="156" srcset="https://sjloyola.org/wp-content/uploads/2025/11/Martires-UCA-Deusto.avif 594w, https://sjloyola.org/wp-content/uploads/2025/11/Martires-UCA-Deusto-300x79.avif 300w, https://sjloyola.org/wp-content/uploads/2025/11/Martires-UCA-Deusto-480x126.avif 480w" sizes="(max-width: 594px) 100vw, 594px" /></p>

<!-- This site is optimized with the Yoast SEO plugin v27.5 - https://yoast.com/product/yoast-seo-wordpress/ -->
<title>Deustuko UCAko martirien urteurrena - Jesuitas Loyola</title>
<meta name="robots" content="index, follow, max-snippet:-1, max-image-preview:large, max-video-preview:-1" />
<link rel="canonical" href="https://sjloyola.org/eu/event/deustuko-ucako-martirien-urteurrena/" />
<meta property="og:locale" content="eu_ES" />
<meta property="og:type" content="article" />
<meta property="og:title" content="Deustuko UCAko martirien urteurrena - Jesuitas Loyola" />
<meta property="og:description" content="Azaroaren 17an, El Salvadorreko Erdialdeko Amerikako Unibertsitateko (UCA) martiriak gogoratuko ditugu: sei jesuita eta bi emakume 1989an erail zituzten justiziaren, bakearen eta egiaren aldeko konpromisoagatik. Haien lekukotza itxaropenaren eta gure [&hellip;]" />
<meta property="og:url" content="https://sjloyola.org/eu/event/deustuko-ucako-martirien-urteurrena/" />
<meta property="og:site_name" content="Jesuitas Loyola" />
<meta property="og:image" content="https://sjloyola.org/wp-content/uploads/2025/11/UCA-2025.avif" />
	<meta property="og:image:width" content="757" />
	<meta property="og:image:height" content="426" />
	<meta property="og:image:type" content="image/jpeg" />
<meta name="twitter:card" content="summary_large_image" />
<meta name="twitter:label1" content="Est. reading time" />
	<meta name="twitter:data1" content="1 minute" />
<script type="application/ld+json" class="yoast-schema-graph">{"@context":"https:\/\/schema.org","@graph":[{"@type":"WebPage","@id":"https:\/\/sjloyola.org\/eu\/event\/deustuko-ucako-martirien-urteurrena\/","url":"https:\/\/sjloyola.org\/eu\/event\/deustuko-ucako-martirien-urteurrena\/","name":"Deustuko UCAko martirien urteurrena - Jesuitas Loyola","isPartOf":{"@id":"https:\/\/sjloyola.org\/eu\/#website"},"primaryImageOfPage":{"@id":"https:\/\/sjloyola.org\/eu\/event\/deustuko-ucako-martirien-urteurrena\/#primaryimage"},"image":{"@id":"https:\/\/sjloyola.org\/eu\/event\/deustuko-ucako-martirien-urteurrena\/#primaryimage"},"thumbnailUrl":"https:\/\/sjloyola.org\/wp-content\/uploads\/2025\/11\/UCA-2025.avif","datePublished":"2025-11-13T18:22:25+00:00","breadcrumb":{"@id":"https:\/\/sjloyola.org\/eu\/event\/deustuko-ucako-martirien-urteurrena\/#breadcrumb"},"inLanguage":"eu-ES","potentialAction":[{"@type":"ReadAction","target":["https:\/\/sjloyola.org\/eu\/event\/deustuko-ucako-martirien-urteurrena\/"]}]},{"@type":"ImageObject","inLanguage":"eu-ES","@id":"https:\/\/sjloyola.org\/eu\/event\/deustuko-ucako-martirien-urteurrena\/#primaryimage","url":"https:\/\/sjloyola.org\/wp-content\/uploads\/2025\/11\/UCA-2025.avif","contentUrl":"https:\/\/sjloyola.org\/wp-content\/uploads\/2025\/11\/UCA-2025.avif","width":757,"height":426},{"@type":"BreadcrumbList","@id":"https:\/\/sjloyola.org\/eu\/event\/deustuko-ucako-martirien-urteurrena\/#breadcrumb","itemListElement":[{"@type":"ListItem","position":1,"name":"Portada","item":"https:\/\/sjloyola.org\/eu\/kantabria-errioxa-euskadi-eta-nafarroako-jesuitak\/"},{"@type":"ListItem","position":2,"name":"Events","item":"https:\/\/sjloyola.org\/eu\/events\/"},{"@type":"ListItem","position":3,"name":"Deustuko UCAko martirien urteurrena"}]},{"@type":"WebSite","@id":"https:\/\/sjloyola.org\/eu\/#website","url":"https:\/\/sjloyola.org\/eu\/","name":"Jesuitas Loyola","description":"Plataforma Apostólica de los Jesuitas en Cantabria, País Vasco y Navarra","potentialAction":[{"@type":"SearchAction","target":{"@type":"EntryPoint","urlTemplate":"https:\/\/sjloyola.org\/eu\/?s={search_term_string}"},"query-input":{"@type":"PropertyValueSpecification","valueRequired":true,"valueName":"search_term_string"}}],"inLanguage":"eu-ES"}]}</script>
<!-- / Yoast SEO plugin. -->

Plataforma Apostólica de los Jesuitas en Cantabria, País Vasco y Navarra
