{"id":9883,"date":"2025-11-07T22:15:39","date_gmt":"2025-11-07T21:15:39","guid":{"rendered":"https:\/\/sjloyola.org\/event\/tiempo-adentro-bilbao\/"},"modified":"2025-11-07T22:15:39","modified_gmt":"2025-11-07T21:15:39","slug":"tiempo-adentro-bilbao","status":"publish","type":"tribe_events","link":"https:\/\/sjloyola.org\/eu\/event\/tiempo-adentro-bilbao\/","title":{"rendered":"Tiempo adentro Bilbao"},"content":{"rendered":"<div class=\"et_pb_slides\">\n<div class=\"et_pb_slide et_pb_slide_2 et_pb_bg_layout_dark et_pb_slide_with_image et_pb_media_alignment_center et_pb_slider_with_overlay et-pb-active-slide\" data-slide-id=\"et_pb_slide_2\">\n<div class=\"et_pb_container clearfix\">\n<div class=\"et_pb_slider_container_inner\">\n<div class=\"et_pb_slide_description\">\n<div class=\"et_pb_slide_content\">\n<div class=\"field field--name-field-descripcion field--type-text field--label-hidden field__item\">Gure ahotsak batzen ditugu esker onez gogoratzeko UCA- El Salvadorreko martirien ondarea 36 aniversarioan \u2013 Elba eta Celina Ramos, Juan Ram\u00f3n Moreno, Joaqu\u00edn L\u00f3pez y L\u00f3pez, Amando L\u00f3pez, Ignacio Martin Bar\u00f3, Segundo Montes eta Ignacio Ellacuria eta gure munduko gerra eta indarkerien iluntasunean zuzi diren beste hainbat pertsona.<\/div>\n<div><\/div>\n<div class=\"field field--name-field-descripcion field--type-text field--label-hidden field__item\">Bake, Fede eta Justiziako lekukoak hurbiltzen dizkiguten pertsonen testigantzak izango ditugu. Egun hauetan, Gazaren, Kongoko Errepublika Demokratikoaren eta El Salvadorren aldeko gure isiltasuna eta oihua ozenago jartzen dugu. <\/div>\n<\/div>\n<\/div>\n<\/div>\n<\/div>\n<\/div>\n<\/div>\n<div class=\"et-pb-slider-arrows\"><img loading=\"lazy\" decoding=\"async\" class=\"\" src=\"https:\/\/sjloyola.org\/wp-content\/uploads\/2025\/11\/Tiempo-adentro-noviembre-scaled.avif\" alt=\"\" width=\"949\" height=\"1342\"><\/div>\n","protected":false},"excerpt":{"rendered":"<p>Gure ahotsak batzen ditugu esker onez gogoratzeko UCA- El Salvadorreko martirien ondarea 36 aniversarioan \u2013 Elba eta Celina Ramos, Juan Ram\u00f3n Moreno, Joaqu\u00edn L\u00f3pez y L\u00f3pez, Amando L\u00f3pez, Ignacio Martin [&hellip;]<\/p>\n","protected":false},"author":5,"featured_media":9880,"template":"","meta":{"_et_pb_use_builder":"","_et_pb_old_content":"","_et_gb_content_width":"","_price":"","_stock":"","_tribe_ticket_header":"","_tribe_default_ticket_provider":"","_ticket_start_date":"","_ticket_end_date":"","_tribe_ticket_show_description":"","_tribe_ticket_show_not_going":false,"_tribe_ticket_use_global_stock":"","_tribe_ticket_global_stock_level":"","_global_stock_mode":"","_global_stock_cap":"","_tribe_rsvp_for_event":"","_tribe_ticket_going_count":"","_tribe_ticket_not_going_count":"","_tribe_tickets_list":"[]","_tribe_ticket_has_attendee_info_fields":false,"_tribe_events_status":"","_tribe_events_status_reason":"","footnotes":"","_tec_slr_enabled":"","_tec_slr_layout":""},"tags":[],"tribe_events_cat":[394],"class_list":["post-9883","tribe_events","type-tribe_events","status-publish","has-post-thumbnail","hentry","tribe_events_cat-otoitzaldia","cat_otoitzaldia"],"yoast_head":"<!-- This site is optimized with the Yoast SEO plugin v27.5 - https:\/\/yoast.com\/product\/yoast-seo-wordpress\/ -->\n<title>Tiempo adentro Bilbao - Jesuitas Loyola<\/title>\n<meta name=\"robots\" content=\"index, follow, max-snippet:-1, max-image-preview:large, max-video-preview:-1\" \/>\n<link rel=\"canonical\" href=\"https:\/\/sjloyola.org\/eu\/event\/tiempo-adentro-bilbao\/\" \/>\n<meta property=\"og:locale\" content=\"eu_ES\" \/>\n<meta property=\"og:type\" content=\"article\" \/>\n<meta property=\"og:title\" content=\"Tiempo adentro Bilbao - Jesuitas Loyola\" \/>\n<meta property=\"og:description\" content=\"Gure ahotsak batzen ditugu esker onez gogoratzeko UCA- El Salvadorreko martirien ondarea 36 aniversarioan \u2013 Elba eta Celina Ramos, Juan Ram\u00f3n Moreno, Joaqu\u00edn L\u00f3pez y L\u00f3pez, Amando L\u00f3pez, Ignacio Martin [&hellip;]\" \/>\n<meta property=\"og:url\" content=\"https:\/\/sjloyola.org\/eu\/event\/tiempo-adentro-bilbao\/\" \/>\n<meta property=\"og:site_name\" content=\"Jesuitas Loyola\" \/>\n<meta property=\"og:image\" content=\"https:\/\/sjloyola.org\/wp-content\/uploads\/2025\/11\/Tiempo-adentro-13-noviembre.avif\" \/>\n\t<meta property=\"og:image:width\" content=\"2467\" \/>\n\t<meta property=\"og:image:height\" content=\"1388\" \/>\n\t<meta property=\"og:image:type\" content=\"image\/png\" \/>\n<meta name=\"twitter:card\" content=\"summary_large_image\" \/>\n<script type=\"application\/ld+json\" class=\"yoast-schema-graph\">{\"@context\":\"https:\\\/\\\/schema.org\",\"@graph\":[{\"@type\":\"WebPage\",\"@id\":\"https:\\\/\\\/sjloyola.org\\\/eu\\\/event\\\/tiempo-adentro-bilbao\\\/\",\"url\":\"https:\\\/\\\/sjloyola.org\\\/eu\\\/event\\\/tiempo-adentro-bilbao\\\/\",\"name\":\"Tiempo adentro Bilbao - Jesuitas Loyola\",\"isPartOf\":{\"@id\":\"https:\\\/\\\/sjloyola.org\\\/eu\\\/#website\"},\"primaryImageOfPage\":{\"@id\":\"https:\\\/\\\/sjloyola.org\\\/eu\\\/event\\\/tiempo-adentro-bilbao\\\/#primaryimage\"},\"image\":{\"@id\":\"https:\\\/\\\/sjloyola.org\\\/eu\\\/event\\\/tiempo-adentro-bilbao\\\/#primaryimage\"},\"thumbnailUrl\":\"https:\\\/\\\/sjloyola.org\\\/wp-content\\\/uploads\\\/2025\\\/11\\\/Tiempo-adentro-13-noviembre.avif\",\"datePublished\":\"2025-11-07T21:15:39+00:00\",\"breadcrumb\":{\"@id\":\"https:\\\/\\\/sjloyola.org\\\/eu\\\/event\\\/tiempo-adentro-bilbao\\\/#breadcrumb\"},\"inLanguage\":\"eu-ES\",\"potentialAction\":[{\"@type\":\"ReadAction\",\"target\":[\"https:\\\/\\\/sjloyola.org\\\/eu\\\/event\\\/tiempo-adentro-bilbao\\\/\"]}]},{\"@type\":\"ImageObject\",\"inLanguage\":\"eu-ES\",\"@id\":\"https:\\\/\\\/sjloyola.org\\\/eu\\\/event\\\/tiempo-adentro-bilbao\\\/#primaryimage\",\"url\":\"https:\\\/\\\/sjloyola.org\\\/wp-content\\\/uploads\\\/2025\\\/11\\\/Tiempo-adentro-13-noviembre.avif\",\"contentUrl\":\"https:\\\/\\\/sjloyola.org\\\/wp-content\\\/uploads\\\/2025\\\/11\\\/Tiempo-adentro-13-noviembre.avif\",\"width\":2467,\"height\":1388},{\"@type\":\"BreadcrumbList\",\"@id\":\"https:\\\/\\\/sjloyola.org\\\/eu\\\/event\\\/tiempo-adentro-bilbao\\\/#breadcrumb\",\"itemListElement\":[{\"@type\":\"ListItem\",\"position\":1,\"name\":\"Portada\",\"item\":\"https:\\\/\\\/sjloyola.org\\\/eu\\\/kantabria-errioxa-euskadi-eta-nafarroako-jesuitak\\\/\"},{\"@type\":\"ListItem\",\"position\":2,\"name\":\"Events\",\"item\":\"https:\\\/\\\/sjloyola.org\\\/eu\\\/events\\\/\"},{\"@type\":\"ListItem\",\"position\":3,\"name\":\"Tiempo adentro Bilbao\"}]},{\"@type\":\"WebSite\",\"@id\":\"https:\\\/\\\/sjloyola.org\\\/eu\\\/#website\",\"url\":\"https:\\\/\\\/sjloyola.org\\\/eu\\\/\",\"name\":\"Jesuitas Loyola\",\"description\":\"Plataforma Apost\u00f3lica de los Jesuitas en Cantabria, Pa\u00eds Vasco y Navarra\",\"potentialAction\":[{\"@type\":\"SearchAction\",\"target\":{\"@type\":\"EntryPoint\",\"urlTemplate\":\"https:\\\/\\\/sjloyola.org\\\/eu\\\/?s={search_term_string}\"},\"query-input\":{\"@type\":\"PropertyValueSpecification\",\"valueRequired\":true,\"valueName\":\"search_term_string\"}}],\"inLanguage\":\"eu-ES\"}]}<\/script>\n<!-- \/ Yoast SEO plugin. -->","yoast_head_json":{"title":"Tiempo adentro Bilbao - Jesuitas Loyola","robots":{"index":"index","follow":"follow","max-snippet":"max-snippet:-1","max-image-preview":"max-image-preview:large","max-video-preview":"max-video-preview:-1"},"canonical":"https:\/\/sjloyola.org\/eu\/event\/tiempo-adentro-bilbao\/","og_locale":"eu_ES","og_type":"article","og_title":"Tiempo adentro Bilbao - Jesuitas Loyola","og_description":"Gure ahotsak batzen ditugu esker onez gogoratzeko UCA- El Salvadorreko martirien ondarea 36 aniversarioan \u2013 Elba eta Celina Ramos, Juan Ram\u00f3n Moreno, Joaqu\u00edn L\u00f3pez y L\u00f3pez, Amando L\u00f3pez, Ignacio Martin [&hellip;]","og_url":"https:\/\/sjloyola.org\/eu\/event\/tiempo-adentro-bilbao\/","og_site_name":"Jesuitas Loyola","og_image":[{"width":2467,"height":1388,"url":"https:\/\/sjloyola.org\/wp-content\/uploads\/2025\/11\/Tiempo-adentro-13-noviembre.avif","type":"image\/png"}],"twitter_card":"summary_large_image","schema":{"@context":"https:\/\/schema.org","@graph":[{"@type":"WebPage","@id":"https:\/\/sjloyola.org\/eu\/event\/tiempo-adentro-bilbao\/","url":"https:\/\/sjloyola.org\/eu\/event\/tiempo-adentro-bilbao\/","name":"Tiempo adentro Bilbao - Jesuitas Loyola","isPartOf":{"@id":"https:\/\/sjloyola.org\/eu\/#website"},"primaryImageOfPage":{"@id":"https:\/\/sjloyola.org\/eu\/event\/tiempo-adentro-bilbao\/#primaryimage"},"image":{"@id":"https:\/\/sjloyola.org\/eu\/event\/tiempo-adentro-bilbao\/#primaryimage"},"thumbnailUrl":"https:\/\/sjloyola.org\/wp-content\/uploads\/2025\/11\/Tiempo-adentro-13-noviembre.avif","datePublished":"2025-11-07T21:15:39+00:00","breadcrumb":{"@id":"https:\/\/sjloyola.org\/eu\/event\/tiempo-adentro-bilbao\/#breadcrumb"},"inLanguage":"eu-ES","potentialAction":[{"@type":"ReadAction","target":["https:\/\/sjloyola.org\/eu\/event\/tiempo-adentro-bilbao\/"]}]},{"@type":"ImageObject","inLanguage":"eu-ES","@id":"https:\/\/sjloyola.org\/eu\/event\/tiempo-adentro-bilbao\/#primaryimage","url":"https:\/\/sjloyola.org\/wp-content\/uploads\/2025\/11\/Tiempo-adentro-13-noviembre.avif","contentUrl":"https:\/\/sjloyola.org\/wp-content\/uploads\/2025\/11\/Tiempo-adentro-13-noviembre.avif","width":2467,"height":1388},{"@type":"BreadcrumbList","@id":"https:\/\/sjloyola.org\/eu\/event\/tiempo-adentro-bilbao\/#breadcrumb","itemListElement":[{"@type":"ListItem","position":1,"name":"Portada","item":"https:\/\/sjloyola.org\/eu\/kantabria-errioxa-euskadi-eta-nafarroako-jesuitak\/"},{"@type":"ListItem","position":2,"name":"Events","item":"https:\/\/sjloyola.org\/eu\/events\/"},{"@type":"ListItem","position":3,"name":"Tiempo adentro Bilbao"}]},{"@type":"WebSite","@id":"https:\/\/sjloyola.org\/eu\/#website","url":"https:\/\/sjloyola.org\/eu\/","name":"Jesuitas Loyola","description":"Plataforma Apost\u00f3lica de los Jesuitas en Cantabria, Pa\u00eds Vasco y Navarra","potentialAction":[{"@type":"SearchAction","target":{"@type":"EntryPoint","urlTemplate":"https:\/\/sjloyola.org\/eu\/?s={search_term_string}"},"query-input":{"@type":"PropertyValueSpecification","valueRequired":true,"valueName":"search_term_string"}}],"inLanguage":"eu-ES"}]}},"ticketed":false,"_links":{"self":[{"href":"https:\/\/sjloyola.org\/eu\/wp-json\/wp\/v2\/tribe_events\/9883","targetHints":{"allow":["GET"]}}],"collection":[{"href":"https:\/\/sjloyola.org\/eu\/wp-json\/wp\/v2\/tribe_events"}],"about":[{"href":"https:\/\/sjloyola.org\/eu\/wp-json\/wp\/v2\/types\/tribe_events"}],"author":[{"embeddable":true,"href":"https:\/\/sjloyola.org\/eu\/wp-json\/wp\/v2\/users\/5"}],"version-history":[{"count":0,"href":"https:\/\/sjloyola.org\/eu\/wp-json\/wp\/v2\/tribe_events\/9883\/revisions"}],"wp:featuredmedia":[{"embeddable":true,"href":"https:\/\/sjloyola.org\/eu\/wp-json\/wp\/v2\/media\/9880"}],"wp:attachment":[{"href":"https:\/\/sjloyola.org\/eu\/wp-json\/wp\/v2\/media?parent=9883"}],"wp:term":[{"taxonomy":"post_tag","embeddable":true,"href":"https:\/\/sjloyola.org\/eu\/wp-json\/wp\/v2\/tags?post=9883"},{"taxonomy":"tribe_events_cat","embeddable":true,"href":"https:\/\/sjloyola.org\/eu\/wp-json\/wp\/v2\/tribe_events_cat?post=9883"}],"curies":[{"name":"wp","href":"https:\/\/api.w.org\/{rel}","templated":true}]}}

<div class="et_pb_slides">
<div class="et_pb_slide et_pb_slide_2 et_pb_bg_layout_dark et_pb_slide_with_image et_pb_media_alignment_center et_pb_slider_with_overlay et-pb-active-slide" data-slide-id="et_pb_slide_2">
<div class="et_pb_container clearfix">
<div class="et_pb_slider_container_inner">
<div class="et_pb_slide_description">
<div class="et_pb_slide_content">
<div class="field field--name-field-descripcion field--type-text field--label-hidden field__item">Gure ahotsak batzen ditugu esker onez gogoratzeko UCA- El Salvadorreko martirien ondarea 36 aniversarioan – Elba eta Celina Ramos, Juan Ramón Moreno, Joaquín López y López, Amando López, Ignacio Martin Baró, Segundo Montes eta Ignacio Ellacuria eta gure munduko gerra eta indarkerien iluntasunean zuzi diren beste hainbat pertsona.</div>
<div></div>
<div class="field field--name-field-descripcion field--type-text field--label-hidden field__item">Bake, Fede eta Justiziako lekukoak hurbiltzen dizkiguten pertsonen testigantzak izango ditugu. Egun hauetan, Gazaren, Kongoko Errepublika Demokratikoaren eta El Salvadorren aldeko gure isiltasuna eta oihua ozenago jartzen dugu. </div>
</div>
</div>
</div>
</div>
</div>
</div>
<div class="et-pb-slider-arrows"><img loading="lazy" decoding="async" class="" src="https://sjloyola.org/wp-content/uploads/2025/11/Tiempo-adentro-noviembre-scaled.avif" alt="" width="949" height="1342"></div>

<p>Gure ahotsak batzen ditugu esker onez gogoratzeko UCA- El Salvadorreko martirien ondarea 36 aniversarioan – Elba eta Celina Ramos, Juan Ramón Moreno, Joaquín López y López, Amando López, Ignacio Martin [&hellip;]</p>

<!-- This site is optimized with the Yoast SEO plugin v27.5 - https://yoast.com/product/yoast-seo-wordpress/ -->
<title>Tiempo adentro Bilbao - Jesuitas Loyola</title>
<meta name="robots" content="index, follow, max-snippet:-1, max-image-preview:large, max-video-preview:-1" />
<link rel="canonical" href="https://sjloyola.org/eu/event/tiempo-adentro-bilbao/" />
<meta property="og:locale" content="eu_ES" />
<meta property="og:type" content="article" />
<meta property="og:title" content="Tiempo adentro Bilbao - Jesuitas Loyola" />
<meta property="og:description" content="Gure ahotsak batzen ditugu esker onez gogoratzeko UCA- El Salvadorreko martirien ondarea 36 aniversarioan – Elba eta Celina Ramos, Juan Ramón Moreno, Joaquín López y López, Amando López, Ignacio Martin [&hellip;]" />
<meta property="og:url" content="https://sjloyola.org/eu/event/tiempo-adentro-bilbao/" />
<meta property="og:site_name" content="Jesuitas Loyola" />
<meta property="og:image" content="https://sjloyola.org/wp-content/uploads/2025/11/Tiempo-adentro-13-noviembre.avif" />
	<meta property="og:image:width" content="2467" />
	<meta property="og:image:height" content="1388" />
	<meta property="og:image:type" content="image/png" />
<meta name="twitter:card" content="summary_large_image" />
<script type="application/ld+json" class="yoast-schema-graph">{"@context":"https:\/\/schema.org","@graph":[{"@type":"WebPage","@id":"https:\/\/sjloyola.org\/eu\/event\/tiempo-adentro-bilbao\/","url":"https:\/\/sjloyola.org\/eu\/event\/tiempo-adentro-bilbao\/","name":"Tiempo adentro Bilbao - Jesuitas Loyola","isPartOf":{"@id":"https:\/\/sjloyola.org\/eu\/#website"},"primaryImageOfPage":{"@id":"https:\/\/sjloyola.org\/eu\/event\/tiempo-adentro-bilbao\/#primaryimage"},"image":{"@id":"https:\/\/sjloyola.org\/eu\/event\/tiempo-adentro-bilbao\/#primaryimage"},"thumbnailUrl":"https:\/\/sjloyola.org\/wp-content\/uploads\/2025\/11\/Tiempo-adentro-13-noviembre.avif","datePublished":"2025-11-07T21:15:39+00:00","breadcrumb":{"@id":"https:\/\/sjloyola.org\/eu\/event\/tiempo-adentro-bilbao\/#breadcrumb"},"inLanguage":"eu-ES","potentialAction":[{"@type":"ReadAction","target":["https:\/\/sjloyola.org\/eu\/event\/tiempo-adentro-bilbao\/"]}]},{"@type":"ImageObject","inLanguage":"eu-ES","@id":"https:\/\/sjloyola.org\/eu\/event\/tiempo-adentro-bilbao\/#primaryimage","url":"https:\/\/sjloyola.org\/wp-content\/uploads\/2025\/11\/Tiempo-adentro-13-noviembre.avif","contentUrl":"https:\/\/sjloyola.org\/wp-content\/uploads\/2025\/11\/Tiempo-adentro-13-noviembre.avif","width":2467,"height":1388},{"@type":"BreadcrumbList","@id":"https:\/\/sjloyola.org\/eu\/event\/tiempo-adentro-bilbao\/#breadcrumb","itemListElement":[{"@type":"ListItem","position":1,"name":"Portada","item":"https:\/\/sjloyola.org\/eu\/kantabria-errioxa-euskadi-eta-nafarroako-jesuitak\/"},{"@type":"ListItem","position":2,"name":"Events","item":"https:\/\/sjloyola.org\/eu\/events\/"},{"@type":"ListItem","position":3,"name":"Tiempo adentro Bilbao"}]},{"@type":"WebSite","@id":"https:\/\/sjloyola.org\/eu\/#website","url":"https:\/\/sjloyola.org\/eu\/","name":"Jesuitas Loyola","description":"Plataforma Apostólica de los Jesuitas en Cantabria, País Vasco y Navarra","potentialAction":[{"@type":"SearchAction","target":{"@type":"EntryPoint","urlTemplate":"https:\/\/sjloyola.org\/eu\/?s={search_term_string}"},"query-input":{"@type":"PropertyValueSpecification","valueRequired":true,"valueName":"search_term_string"}}],"inLanguage":"eu-ES"}]}</script>
<!-- / Yoast SEO plugin. -->

Gure ahotsak batzen ditugu esker onez gogoratzeko UCA- El Salvadorreko martirien ondarea 36 aniversarioan – Elba eta Celina Ramos, Juan Ramón Moreno, Joaquín López y López, Amando López, Ignacio Martin [&hellip;]

Plataforma Apostólica de los Jesuitas en Cantabria, País Vasco y Navarra
