{"id":9316,"date":"2025-05-22T22:31:30","date_gmt":"2025-05-22T20:31:30","guid":{"rendered":"https:\/\/sjloyola.org\/event\/xabier-kantata\/"},"modified":"2025-05-22T22:31:30","modified_gmt":"2025-05-22T20:31:30","slug":"xabier-kantata","status":"publish","type":"tribe_events","link":"https:\/\/sjloyola.org\/eu\/event\/xabier-kantata\/","title":{"rendered":"Xabier Kantata"},"content":{"rendered":"<p>En el a\u00f1o en el que se cumple el <strong>500 aniversario<\/strong> de la marcha a Par\u00eds de <strong>Francisco de Jaso y Azpilicueta<\/strong> -despu\u00e9s<a class=\"link copy\" title=\"San Francisco de Javier\" href=\"https:\/\/www.noticiasdenavarra.com\/tags\/san-francisco-javier\/\" target=\"_blank\" rel=\"noopener\"> San Francisco de Javier<\/a>&#8211; , varias instituciones y artistas se han unido para crear la<em><strong> Cantata Javier &#8211; Xabier Kantata<\/strong><\/em>-, un <strong>espect\u00e1culo multidisciplinar de m\u00fasica, iluminaci\u00f3n y proyecciones<\/strong> que se estrenar\u00e1 el<strong> 28 de junio,<\/strong> a las 22.30 horas, con los muros del <a class=\"link copy\" title=\"castillo natal del patr\u00f3n de Navarra\" href=\"https:\/\/www.noticiasdenavarra.com\/tags\/castillo-de-javier\/\" target=\"_blank\" rel=\"noopener\">castillo natal del patr\u00f3n de Navarra <\/a>como lienzo y escenario. La <strong>segunda funci\u00f3n tendr\u00e1 lugar el 6 de septiembre,<\/strong> a las 21.30 horas. La entrada es gratuita hasta completar el aforo.  <\/p>\n<p>la obra es <strong>\u201cuna cantata en doce movimientos inspirada en doce virtudes asociadas a la figura de San Francisco Javier\u201d. <\/strong>Ha indicado que el objetivo es<strong> \u201ctransmitir valores humanos y espirituales con un lenguaje musical sencillo, directo y emotivo\u201d<\/strong>. La m\u00fasica est\u00e1 compuesta en diferentes lenguas (<strong>euskera, castellano, franc\u00e9s, lat\u00edn, portugu\u00e9s, tamil, japon\u00e9s<\/strong>), \u201calgunas de ellas conocidas por Javier o vinculadas a los territorios donde ejerci\u00f3 su labor misionera\u201d. <\/p>\n<p><img loading=\"lazy\" decoding=\"async\" class=\"aligncenter wp-image-9264 size-large\" src=\"https:\/\/sjloyola.org\/wp-content\/uploads\/2025\/05\/Cantata-javier-717x1024.avif\" alt=\"\" width=\"717\" height=\"1024\" srcset=\"https:\/\/sjloyola.org\/wp-content\/uploads\/2025\/05\/Cantata-javier-717x1024.avif 717w, https:\/\/sjloyola.org\/wp-content\/uploads\/2025\/05\/Cantata-javier-210x300.avif 210w, https:\/\/sjloyola.org\/wp-content\/uploads\/2025\/05\/Cantata-javier-768x1096.avif 768w, https:\/\/sjloyola.org\/wp-content\/uploads\/2025\/05\/Cantata-javier-1076x1536.avif 1076w, https:\/\/sjloyola.org\/wp-content\/uploads\/2025\/05\/Cantata-javier-1080x1542.avif 1080w, https:\/\/sjloyola.org\/wp-content\/uploads\/2025\/05\/Cantata-javier-980x1399.avif 980w, https:\/\/sjloyola.org\/wp-content\/uploads\/2025\/05\/Cantata-javier-480x685.avif 480w, https:\/\/sjloyola.org\/wp-content\/uploads\/2025\/05\/Cantata-javier.avif 1170w\" sizes=\"(max-width: 717px) 100vw, 717px\" \/><\/p>\n","protected":false},"excerpt":{"rendered":"<p>En el a\u00f1o en el que se cumple el 500 aniversario de la marcha a Par\u00eds de Francisco de Jaso y Azpilicueta -despu\u00e9s San Francisco de Javier&#8211; , varias instituciones [&hellip;]<\/p>\n","protected":false},"author":5,"featured_media":9263,"template":"","meta":{"_et_pb_use_builder":"","_et_pb_old_content":"","_et_gb_content_width":"","_price":"","_stock":"","_tribe_ticket_header":"","_tribe_default_ticket_provider":"","_ticket_start_date":"","_ticket_end_date":"","_tribe_ticket_show_description":"","_tribe_ticket_show_not_going":false,"_tribe_ticket_use_global_stock":"","_tribe_ticket_global_stock_level":"","_global_stock_mode":"","_global_stock_cap":"","_tribe_rsvp_for_event":"","_tribe_ticket_going_count":"","_tribe_ticket_not_going_count":"","_tribe_tickets_list":"[]","_tribe_ticket_has_attendee_info_fields":false,"_tribe_events_status":"","_tribe_events_status_reason":"","footnotes":"","_tec_slr_enabled":"","_tec_slr_layout":""},"tags":[388],"tribe_events_cat":[389,390],"class_list":["post-9316","tribe_events","type-tribe_events","status-publish","has-post-thumbnail","hentry","tag-xabierko-santutegia","tribe_events_cat-arterekin-otoitz-egin","tribe_events_cat-kontzertua","cat_arterekin-otoitz-egin","cat_kontzertua"],"yoast_head":"<!-- This site is optimized with the Yoast SEO plugin v27.5 - https:\/\/yoast.com\/product\/yoast-seo-wordpress\/ -->\n<title>Xabier Kantata - Jesuitas Loyola<\/title>\n<meta name=\"robots\" content=\"index, follow, max-snippet:-1, max-image-preview:large, max-video-preview:-1\" \/>\n<link rel=\"canonical\" href=\"https:\/\/sjloyola.org\/eu\/event\/xabier-kantata\/\" \/>\n<meta property=\"og:locale\" content=\"eu_ES\" \/>\n<meta property=\"og:type\" content=\"article\" \/>\n<meta property=\"og:title\" content=\"Xabier Kantata - Jesuitas Loyola\" \/>\n<meta property=\"og:description\" content=\"En el a\u00f1o en el que se cumple el 500 aniversario de la marcha a Par\u00eds de Francisco de Jaso y Azpilicueta -despu\u00e9s San Francisco de Javier&#8211; , varias instituciones [&hellip;]\" \/>\n<meta property=\"og:url\" content=\"https:\/\/sjloyola.org\/eu\/event\/xabier-kantata\/\" \/>\n<meta property=\"og:site_name\" content=\"Jesuitas Loyola\" \/>\n<meta property=\"og:image\" content=\"https:\/\/sjloyola.org\/wp-content\/uploads\/2025\/05\/Cantata-javier.avif\" \/>\n\t<meta property=\"og:image:width\" content=\"1170\" \/>\n\t<meta property=\"og:image:height\" content=\"1670\" \/>\n\t<meta property=\"og:image:type\" content=\"image\/jpeg\" \/>\n<meta name=\"twitter:card\" content=\"summary_large_image\" \/>\n<meta name=\"twitter:label1\" content=\"Est. reading time\" \/>\n\t<meta name=\"twitter:data1\" content=\"1 minute\" \/>\n<script type=\"application\/ld+json\" class=\"yoast-schema-graph\">{\"@context\":\"https:\\\/\\\/schema.org\",\"@graph\":[{\"@type\":\"WebPage\",\"@id\":\"https:\\\/\\\/sjloyola.org\\\/eu\\\/event\\\/xabier-kantata\\\/\",\"url\":\"https:\\\/\\\/sjloyola.org\\\/eu\\\/event\\\/xabier-kantata\\\/\",\"name\":\"Xabier Kantata - Jesuitas Loyola\",\"isPartOf\":{\"@id\":\"https:\\\/\\\/sjloyola.org\\\/eu\\\/#website\"},\"primaryImageOfPage\":{\"@id\":\"https:\\\/\\\/sjloyola.org\\\/eu\\\/event\\\/xabier-kantata\\\/#primaryimage\"},\"image\":{\"@id\":\"https:\\\/\\\/sjloyola.org\\\/eu\\\/event\\\/xabier-kantata\\\/#primaryimage\"},\"thumbnailUrl\":\"https:\\\/\\\/sjloyola.org\\\/wp-content\\\/uploads\\\/2025\\\/05\\\/Cantata-javier-port-1.avif\",\"datePublished\":\"2025-05-22T20:31:30+00:00\",\"breadcrumb\":{\"@id\":\"https:\\\/\\\/sjloyola.org\\\/eu\\\/event\\\/xabier-kantata\\\/#breadcrumb\"},\"inLanguage\":\"eu-ES\",\"potentialAction\":[{\"@type\":\"ReadAction\",\"target\":[\"https:\\\/\\\/sjloyola.org\\\/eu\\\/event\\\/xabier-kantata\\\/\"]}]},{\"@type\":\"ImageObject\",\"inLanguage\":\"eu-ES\",\"@id\":\"https:\\\/\\\/sjloyola.org\\\/eu\\\/event\\\/xabier-kantata\\\/#primaryimage\",\"url\":\"https:\\\/\\\/sjloyola.org\\\/wp-content\\\/uploads\\\/2025\\\/05\\\/Cantata-javier-port-1.avif\",\"contentUrl\":\"https:\\\/\\\/sjloyola.org\\\/wp-content\\\/uploads\\\/2025\\\/05\\\/Cantata-javier-port-1.avif\",\"width\":813,\"height\":458},{\"@type\":\"BreadcrumbList\",\"@id\":\"https:\\\/\\\/sjloyola.org\\\/eu\\\/event\\\/xabier-kantata\\\/#breadcrumb\",\"itemListElement\":[{\"@type\":\"ListItem\",\"position\":1,\"name\":\"Portada\",\"item\":\"https:\\\/\\\/sjloyola.org\\\/eu\\\/kantabria-errioxa-euskadi-eta-nafarroako-jesuitak\\\/\"},{\"@type\":\"ListItem\",\"position\":2,\"name\":\"Events\",\"item\":\"https:\\\/\\\/sjloyola.org\\\/eu\\\/events\\\/\"},{\"@type\":\"ListItem\",\"position\":3,\"name\":\"Xabier Kantata\"}]},{\"@type\":\"WebSite\",\"@id\":\"https:\\\/\\\/sjloyola.org\\\/eu\\\/#website\",\"url\":\"https:\\\/\\\/sjloyola.org\\\/eu\\\/\",\"name\":\"Jesuitas Loyola\",\"description\":\"Plataforma Apost\u00f3lica de los Jesuitas en Cantabria, Pa\u00eds Vasco y Navarra\",\"potentialAction\":[{\"@type\":\"SearchAction\",\"target\":{\"@type\":\"EntryPoint\",\"urlTemplate\":\"https:\\\/\\\/sjloyola.org\\\/eu\\\/?s={search_term_string}\"},\"query-input\":{\"@type\":\"PropertyValueSpecification\",\"valueRequired\":true,\"valueName\":\"search_term_string\"}}],\"inLanguage\":\"eu-ES\"}]}<\/script>\n<!-- \/ Yoast SEO plugin. -->","yoast_head_json":{"title":"Xabier Kantata - Jesuitas Loyola","robots":{"index":"index","follow":"follow","max-snippet":"max-snippet:-1","max-image-preview":"max-image-preview:large","max-video-preview":"max-video-preview:-1"},"canonical":"https:\/\/sjloyola.org\/eu\/event\/xabier-kantata\/","og_locale":"eu_ES","og_type":"article","og_title":"Xabier Kantata - Jesuitas Loyola","og_description":"En el a\u00f1o en el que se cumple el 500 aniversario de la marcha a Par\u00eds de Francisco de Jaso y Azpilicueta -despu\u00e9s San Francisco de Javier&#8211; , varias instituciones [&hellip;]","og_url":"https:\/\/sjloyola.org\/eu\/event\/xabier-kantata\/","og_site_name":"Jesuitas Loyola","og_image":[{"width":1170,"height":1670,"url":"https:\/\/sjloyola.org\/wp-content\/uploads\/2025\/05\/Cantata-javier.avif","type":"image\/jpeg"}],"twitter_card":"summary_large_image","twitter_misc":{"Est. reading time":"1 minute"},"schema":{"@context":"https:\/\/schema.org","@graph":[{"@type":"WebPage","@id":"https:\/\/sjloyola.org\/eu\/event\/xabier-kantata\/","url":"https:\/\/sjloyola.org\/eu\/event\/xabier-kantata\/","name":"Xabier Kantata - Jesuitas Loyola","isPartOf":{"@id":"https:\/\/sjloyola.org\/eu\/#website"},"primaryImageOfPage":{"@id":"https:\/\/sjloyola.org\/eu\/event\/xabier-kantata\/#primaryimage"},"image":{"@id":"https:\/\/sjloyola.org\/eu\/event\/xabier-kantata\/#primaryimage"},"thumbnailUrl":"https:\/\/sjloyola.org\/wp-content\/uploads\/2025\/05\/Cantata-javier-port-1.avif","datePublished":"2025-05-22T20:31:30+00:00","breadcrumb":{"@id":"https:\/\/sjloyola.org\/eu\/event\/xabier-kantata\/#breadcrumb"},"inLanguage":"eu-ES","potentialAction":[{"@type":"ReadAction","target":["https:\/\/sjloyola.org\/eu\/event\/xabier-kantata\/"]}]},{"@type":"ImageObject","inLanguage":"eu-ES","@id":"https:\/\/sjloyola.org\/eu\/event\/xabier-kantata\/#primaryimage","url":"https:\/\/sjloyola.org\/wp-content\/uploads\/2025\/05\/Cantata-javier-port-1.avif","contentUrl":"https:\/\/sjloyola.org\/wp-content\/uploads\/2025\/05\/Cantata-javier-port-1.avif","width":813,"height":458},{"@type":"BreadcrumbList","@id":"https:\/\/sjloyola.org\/eu\/event\/xabier-kantata\/#breadcrumb","itemListElement":[{"@type":"ListItem","position":1,"name":"Portada","item":"https:\/\/sjloyola.org\/eu\/kantabria-errioxa-euskadi-eta-nafarroako-jesuitak\/"},{"@type":"ListItem","position":2,"name":"Events","item":"https:\/\/sjloyola.org\/eu\/events\/"},{"@type":"ListItem","position":3,"name":"Xabier Kantata"}]},{"@type":"WebSite","@id":"https:\/\/sjloyola.org\/eu\/#website","url":"https:\/\/sjloyola.org\/eu\/","name":"Jesuitas Loyola","description":"Plataforma Apost\u00f3lica de los Jesuitas en Cantabria, Pa\u00eds Vasco y Navarra","potentialAction":[{"@type":"SearchAction","target":{"@type":"EntryPoint","urlTemplate":"https:\/\/sjloyola.org\/eu\/?s={search_term_string}"},"query-input":{"@type":"PropertyValueSpecification","valueRequired":true,"valueName":"search_term_string"}}],"inLanguage":"eu-ES"}]}},"ticketed":false,"_links":{"self":[{"href":"https:\/\/sjloyola.org\/eu\/wp-json\/wp\/v2\/tribe_events\/9316","targetHints":{"allow":["GET"]}}],"collection":[{"href":"https:\/\/sjloyola.org\/eu\/wp-json\/wp\/v2\/tribe_events"}],"about":[{"href":"https:\/\/sjloyola.org\/eu\/wp-json\/wp\/v2\/types\/tribe_events"}],"author":[{"embeddable":true,"href":"https:\/\/sjloyola.org\/eu\/wp-json\/wp\/v2\/users\/5"}],"version-history":[{"count":0,"href":"https:\/\/sjloyola.org\/eu\/wp-json\/wp\/v2\/tribe_events\/9316\/revisions"}],"wp:featuredmedia":[{"embeddable":true,"href":"https:\/\/sjloyola.org\/eu\/wp-json\/wp\/v2\/media\/9263"}],"wp:attachment":[{"href":"https:\/\/sjloyola.org\/eu\/wp-json\/wp\/v2\/media?parent=9316"}],"wp:term":[{"taxonomy":"post_tag","embeddable":true,"href":"https:\/\/sjloyola.org\/eu\/wp-json\/wp\/v2\/tags?post=9316"},{"taxonomy":"tribe_events_cat","embeddable":true,"href":"https:\/\/sjloyola.org\/eu\/wp-json\/wp\/v2\/tribe_events_cat?post=9316"}],"curies":[{"name":"wp","href":"https:\/\/api.w.org\/{rel}","templated":true}]}}

<p>En el año en el que se cumple el <strong>500 aniversario</strong> de la marcha a París de <strong>Francisco de Jaso y Azpilicueta</strong> -después<a class="link copy" title="San Francisco de Javier" href="https://www.noticiasdenavarra.com/tags/san-francisco-javier/" target="_blank" rel="noopener"> San Francisco de Javier</a>&#8211; , varias instituciones y artistas se han unido para crear la<em><strong> Cantata Javier &#8211; Xabier Kantata</strong></em>-, un <strong>espectáculo multidisciplinar de música, iluminación y proyecciones</strong> que se estrenará el<strong> 28 de junio,</strong> a las 22.30 horas, con los muros del <a class="link copy" title="castillo natal del patrón de Navarra" href="https://www.noticiasdenavarra.com/tags/castillo-de-javier/" target="_blank" rel="noopener">castillo natal del patrón de Navarra </a>como lienzo y escenario. La <strong>segunda función tendrá lugar el 6 de septiembre,</strong> a las 21.30 horas. La entrada es gratuita hasta completar el aforo.  </p>
<p>la obra es <strong>“una cantata en doce movimientos inspirada en doce virtudes asociadas a la figura de San Francisco Javier”. </strong>Ha indicado que el objetivo es<strong> “transmitir valores humanos y espirituales con un lenguaje musical sencillo, directo y emotivo”</strong>. La música está compuesta en diferentes lenguas (<strong>euskera, castellano, francés, latín, portugués, tamil, japonés</strong>), “algunas de ellas conocidas por Javier o vinculadas a los territorios donde ejerció su labor misionera”. </p>
<p><img loading="lazy" decoding="async" class="aligncenter wp-image-9264 size-large" src="https://sjloyola.org/wp-content/uploads/2025/05/Cantata-javier-717x1024.avif" alt="" width="717" height="1024" srcset="https://sjloyola.org/wp-content/uploads/2025/05/Cantata-javier-717x1024.avif 717w, https://sjloyola.org/wp-content/uploads/2025/05/Cantata-javier-210x300.avif 210w, https://sjloyola.org/wp-content/uploads/2025/05/Cantata-javier-768x1096.avif 768w, https://sjloyola.org/wp-content/uploads/2025/05/Cantata-javier-1076x1536.avif 1076w, https://sjloyola.org/wp-content/uploads/2025/05/Cantata-javier-1080x1542.avif 1080w, https://sjloyola.org/wp-content/uploads/2025/05/Cantata-javier-980x1399.avif 980w, https://sjloyola.org/wp-content/uploads/2025/05/Cantata-javier-480x685.avif 480w, https://sjloyola.org/wp-content/uploads/2025/05/Cantata-javier.avif 1170w" sizes="(max-width: 717px) 100vw, 717px" /></p>

<p>En el año en el que se cumple el 500 aniversario de la marcha a París de Francisco de Jaso y Azpilicueta -después San Francisco de Javier&#8211; , varias instituciones [&hellip;]</p>

<!-- This site is optimized with the Yoast SEO plugin v27.5 - https://yoast.com/product/yoast-seo-wordpress/ -->
<title>Xabier Kantata - Jesuitas Loyola</title>
<meta name="robots" content="index, follow, max-snippet:-1, max-image-preview:large, max-video-preview:-1" />
<link rel="canonical" href="https://sjloyola.org/eu/event/xabier-kantata/" />
<meta property="og:locale" content="eu_ES" />
<meta property="og:type" content="article" />
<meta property="og:title" content="Xabier Kantata - Jesuitas Loyola" />
<meta property="og:description" content="En el año en el que se cumple el 500 aniversario de la marcha a París de Francisco de Jaso y Azpilicueta -después San Francisco de Javier&#8211; , varias instituciones [&hellip;]" />
<meta property="og:url" content="https://sjloyola.org/eu/event/xabier-kantata/" />
<meta property="og:site_name" content="Jesuitas Loyola" />
<meta property="og:image" content="https://sjloyola.org/wp-content/uploads/2025/05/Cantata-javier.avif" />
	<meta property="og:image:width" content="1170" />
	<meta property="og:image:height" content="1670" />
	<meta property="og:image:type" content="image/jpeg" />
<meta name="twitter:card" content="summary_large_image" />
<meta name="twitter:label1" content="Est. reading time" />
	<meta name="twitter:data1" content="1 minute" />
<script type="application/ld+json" class="yoast-schema-graph">{"@context":"https:\/\/schema.org","@graph":[{"@type":"WebPage","@id":"https:\/\/sjloyola.org\/eu\/event\/xabier-kantata\/","url":"https:\/\/sjloyola.org\/eu\/event\/xabier-kantata\/","name":"Xabier Kantata - Jesuitas Loyola","isPartOf":{"@id":"https:\/\/sjloyola.org\/eu\/#website"},"primaryImageOfPage":{"@id":"https:\/\/sjloyola.org\/eu\/event\/xabier-kantata\/#primaryimage"},"image":{"@id":"https:\/\/sjloyola.org\/eu\/event\/xabier-kantata\/#primaryimage"},"thumbnailUrl":"https:\/\/sjloyola.org\/wp-content\/uploads\/2025\/05\/Cantata-javier-port-1.avif","datePublished":"2025-05-22T20:31:30+00:00","breadcrumb":{"@id":"https:\/\/sjloyola.org\/eu\/event\/xabier-kantata\/#breadcrumb"},"inLanguage":"eu-ES","potentialAction":[{"@type":"ReadAction","target":["https:\/\/sjloyola.org\/eu\/event\/xabier-kantata\/"]}]},{"@type":"ImageObject","inLanguage":"eu-ES","@id":"https:\/\/sjloyola.org\/eu\/event\/xabier-kantata\/#primaryimage","url":"https:\/\/sjloyola.org\/wp-content\/uploads\/2025\/05\/Cantata-javier-port-1.avif","contentUrl":"https:\/\/sjloyola.org\/wp-content\/uploads\/2025\/05\/Cantata-javier-port-1.avif","width":813,"height":458},{"@type":"BreadcrumbList","@id":"https:\/\/sjloyola.org\/eu\/event\/xabier-kantata\/#breadcrumb","itemListElement":[{"@type":"ListItem","position":1,"name":"Portada","item":"https:\/\/sjloyola.org\/eu\/kantabria-errioxa-euskadi-eta-nafarroako-jesuitak\/"},{"@type":"ListItem","position":2,"name":"Events","item":"https:\/\/sjloyola.org\/eu\/events\/"},{"@type":"ListItem","position":3,"name":"Xabier Kantata"}]},{"@type":"WebSite","@id":"https:\/\/sjloyola.org\/eu\/#website","url":"https:\/\/sjloyola.org\/eu\/","name":"Jesuitas Loyola","description":"Plataforma Apostólica de los Jesuitas en Cantabria, País Vasco y Navarra","potentialAction":[{"@type":"SearchAction","target":{"@type":"EntryPoint","urlTemplate":"https:\/\/sjloyola.org\/eu\/?s={search_term_string}"},"query-input":{"@type":"PropertyValueSpecification","valueRequired":true,"valueName":"search_term_string"}}],"inLanguage":"eu-ES"}]}</script>
<!-- / Yoast SEO plugin. -->

En el año en el que se cumple el 500 aniversario de la marcha a París de Francisco de Jaso y Azpilicueta -después San Francisco de Javier&#8211; , varias instituciones [&hellip;]

Plataforma Apostólica de los Jesuitas en Cantabria, País Vasco y Navarra
