{"id":8220,"date":"2024-11-20T09:21:40","date_gmt":"2024-11-20T08:21:40","guid":{"rendered":"https:\/\/sjloyola.org\/event\/abendualdiko-otoitz-topaketa\/"},"modified":"2024-11-20T09:21:40","modified_gmt":"2024-11-20T08:21:40","slug":"abendualdiko-otoitz-topaketa","status":"publish","type":"tribe_events","link":"https:\/\/sjloyola.org\/eu\/event\/abendualdiko-otoitz-topaketa\/","title":{"rendered":"Abendualdiko otoitz-topaketa"},"content":{"rendered":"<div>Erretiroari dagokionez, eta Abendu aldiko denbora aprobetxatuz, denbora bat eskainiko zaio bihotzari arnasa, adore, lasaitasun eta itxaropen handiagoz bizitzeko gizarte eta komunitate gisa bizitzen ari garen egoera zail, korapilatsu edo etsigarriak.<\/div>\n<div class=\"x_elementToProof\">Komunitatean gure inguruneko errealitateari begiratuko diogu eta izarrak diren pertsonak edo esparruak identifikatuko ditugu Gure bidea gidatzen duten izar biziak, pozez eta itxaropenez betetzen gaituztenak, komunitate abegikor eta inklusiboak izateko.<\/div>\n<div>\n            <img decoding=\"async\" src=\"https:\/\/files.oaiusercontent.com\/file-X7mQOIi8MOfL8JLWgdH8Sy9P?se=2024-11-20T08%3A24%3A38Z&amp;sp=r&amp;sv=2024-08-04&amp;sr=b&amp;rscc=max-age%3D604800%2C%20immutable%2C%20private&amp;rscd=attachment%3B%20filename%3D4a806ab8-9ce4-47be-8ce6-06d0b4694eed.webp&amp;sig=cowX4G9%2BRWdGbKDJBksR7X0SRg\/YLJ1ee1pjlVVPqQs%3D\" alt=\"Una escena representativa de una comunidad diversa reunida al aire libre, mirando hacia el cielo nocturno donde brillan estrellas luminosas. Algunas de las estrellas tienen formas simb\u00f3licas que representan personas o \u00e1mbitos que inspiran esperanza y alegr\u00eda. La comunidad est\u00e1 formada por personas de diferentes edades, culturas y trasfondos, en un ambiente de armon\u00eda y uni\u00f3n. El paisaje incluye \u00e1rboles y una atm\u00f3sfera serena, con colores c\u00e1lidos y acogedores.\">\n          <\/div>\n","protected":false},"excerpt":{"rendered":"<p>Erretiroari dagokionez, eta Abendu aldiko denbora aprobetxatuz, denbora bat eskainiko zaio bihotzari arnasa, adore, lasaitasun eta itxaropen handiagoz bizitzeko gizarte eta komunitate gisa bizitzen ari garen egoera zail, korapilatsu edo [&hellip;]<\/p>\n","protected":false},"author":5,"featured_media":8217,"template":"","meta":{"_et_pb_use_builder":"","_et_pb_old_content":"","_et_gb_content_width":"","_price":"","_stock":"","_tribe_ticket_header":"","_tribe_default_ticket_provider":"","_ticket_start_date":"","_ticket_end_date":"","_tribe_ticket_show_description":"","_tribe_ticket_show_not_going":false,"_tribe_ticket_use_global_stock":"","_tribe_ticket_global_stock_level":"","_global_stock_mode":"","_global_stock_cap":"","_tribe_rsvp_for_event":"","_tribe_ticket_going_count":"","_tribe_ticket_not_going_count":"","_tribe_tickets_list":"[]","_tribe_ticket_has_attendee_info_fields":false,"_tribe_events_status":"","_tribe_events_status_reason":"","footnotes":"","_tec_slr_enabled":"","_tec_slr_layout":""},"tags":[310],"tribe_events_cat":[311],"class_list":["post-8220","tribe_events","type-tribe_events","status-publish","has-post-thumbnail","hentry","tag-loiola-zentroa","tribe_events_cat-erretiroa","cat_erretiroa"],"yoast_head":"<!-- This site is optimized with the Yoast SEO plugin v27.4 - https:\/\/yoast.com\/product\/yoast-seo-wordpress\/ -->\n<title>Abendualdiko otoitz-topaketa - Jesuitas Loyola<\/title>\n<meta name=\"robots\" content=\"index, follow, max-snippet:-1, max-image-preview:large, max-video-preview:-1\" \/>\n<link rel=\"canonical\" href=\"https:\/\/sjloyola.org\/eu\/event\/abendualdiko-otoitz-topaketa\/\" \/>\n<meta property=\"og:locale\" content=\"eu_ES\" \/>\n<meta property=\"og:type\" content=\"article\" \/>\n<meta property=\"og:title\" content=\"Abendualdiko otoitz-topaketa - Jesuitas Loyola\" \/>\n<meta property=\"og:description\" content=\"Erretiroari dagokionez, eta Abendu aldiko denbora aprobetxatuz, denbora bat eskainiko zaio bihotzari arnasa, adore, lasaitasun eta itxaropen handiagoz bizitzeko gizarte eta komunitate gisa bizitzen ari garen egoera zail, korapilatsu edo [&hellip;]\" \/>\n<meta property=\"og:url\" content=\"https:\/\/sjloyola.org\/eu\/event\/abendualdiko-otoitz-topaketa\/\" \/>\n<meta property=\"og:site_name\" content=\"Jesuitas Loyola\" \/>\n<meta property=\"og:image\" content=\"https:\/\/files.oaiusercontent.com\/file-X7mQOIi8MOfL8JLWgdH8Sy9P?se=2024-11-20T08%3A24%3A38Z&amp;sp=r&amp;sv=2024-08-04&amp;sr=b&amp;rscc=max-age%3D604800%2C%20immutable%2C%20private&amp;rscd=attachment%3B%20filename%3D4a806ab8-9ce4-47be-8ce6-06d0b4694eed.webp&amp;sig=cowX4G9%2BRWdGbKDJBksR7X0SRg\/YLJ1ee1pjlVVPqQs%3D\" \/>\n<meta name=\"twitter:card\" content=\"summary_large_image\" \/>\n<script type=\"application\/ld+json\" class=\"yoast-schema-graph\">{\"@context\":\"https:\\\/\\\/schema.org\",\"@graph\":[{\"@type\":\"WebPage\",\"@id\":\"https:\\\/\\\/sjloyola.org\\\/eu\\\/event\\\/abendualdiko-otoitz-topaketa\\\/\",\"url\":\"https:\\\/\\\/sjloyola.org\\\/eu\\\/event\\\/abendualdiko-otoitz-topaketa\\\/\",\"name\":\"Abendualdiko otoitz-topaketa - Jesuitas Loyola\",\"isPartOf\":{\"@id\":\"https:\\\/\\\/sjloyola.org\\\/eu\\\/#website\"},\"primaryImageOfPage\":{\"@id\":\"https:\\\/\\\/sjloyola.org\\\/eu\\\/event\\\/abendualdiko-otoitz-topaketa\\\/#primaryimage\"},\"image\":{\"@id\":\"https:\\\/\\\/sjloyola.org\\\/eu\\\/event\\\/abendualdiko-otoitz-topaketa\\\/#primaryimage\"},\"thumbnailUrl\":\"https:\\\/\\\/sjloyola.org\\\/wp-content\\\/uploads\\\/2024\\\/11\\\/Adviento-e1732096601610.webp\",\"datePublished\":\"2024-11-20T08:21:40+00:00\",\"breadcrumb\":{\"@id\":\"https:\\\/\\\/sjloyola.org\\\/eu\\\/event\\\/abendualdiko-otoitz-topaketa\\\/#breadcrumb\"},\"inLanguage\":\"eu-ES\",\"potentialAction\":[{\"@type\":\"ReadAction\",\"target\":[\"https:\\\/\\\/sjloyola.org\\\/eu\\\/event\\\/abendualdiko-otoitz-topaketa\\\/\"]}]},{\"@type\":\"ImageObject\",\"inLanguage\":\"eu-ES\",\"@id\":\"https:\\\/\\\/sjloyola.org\\\/eu\\\/event\\\/abendualdiko-otoitz-topaketa\\\/#primaryimage\",\"url\":\"https:\\\/\\\/sjloyola.org\\\/wp-content\\\/uploads\\\/2024\\\/11\\\/Adviento-e1732096601610.webp\",\"contentUrl\":\"https:\\\/\\\/sjloyola.org\\\/wp-content\\\/uploads\\\/2024\\\/11\\\/Adviento-e1732096601610.webp\",\"width\":1024,\"height\":1024},{\"@type\":\"BreadcrumbList\",\"@id\":\"https:\\\/\\\/sjloyola.org\\\/eu\\\/event\\\/abendualdiko-otoitz-topaketa\\\/#breadcrumb\",\"itemListElement\":[{\"@type\":\"ListItem\",\"position\":1,\"name\":\"Portada\",\"item\":\"https:\\\/\\\/sjloyola.org\\\/eu\\\/kantabria-errioxa-euskadi-eta-nafarroako-jesuitak\\\/\"},{\"@type\":\"ListItem\",\"position\":2,\"name\":\"Events\",\"item\":\"https:\\\/\\\/sjloyola.org\\\/eu\\\/events\\\/\"},{\"@type\":\"ListItem\",\"position\":3,\"name\":\"Abendualdiko otoitz-topaketa\"}]},{\"@type\":\"WebSite\",\"@id\":\"https:\\\/\\\/sjloyola.org\\\/eu\\\/#website\",\"url\":\"https:\\\/\\\/sjloyola.org\\\/eu\\\/\",\"name\":\"Jesuitas Loyola\",\"description\":\"Plataforma Apost\u00f3lica de los Jesuitas en Cantabria, Pa\u00eds Vasco y Navarra\",\"potentialAction\":[{\"@type\":\"SearchAction\",\"target\":{\"@type\":\"EntryPoint\",\"urlTemplate\":\"https:\\\/\\\/sjloyola.org\\\/eu\\\/?s={search_term_string}\"},\"query-input\":{\"@type\":\"PropertyValueSpecification\",\"valueRequired\":true,\"valueName\":\"search_term_string\"}}],\"inLanguage\":\"eu-ES\"}]}<\/script>\n<!-- \/ Yoast SEO plugin. -->","yoast_head_json":{"title":"Abendualdiko otoitz-topaketa - Jesuitas Loyola","robots":{"index":"index","follow":"follow","max-snippet":"max-snippet:-1","max-image-preview":"max-image-preview:large","max-video-preview":"max-video-preview:-1"},"canonical":"https:\/\/sjloyola.org\/eu\/event\/abendualdiko-otoitz-topaketa\/","og_locale":"eu_ES","og_type":"article","og_title":"Abendualdiko otoitz-topaketa - Jesuitas Loyola","og_description":"Erretiroari dagokionez, eta Abendu aldiko denbora aprobetxatuz, denbora bat eskainiko zaio bihotzari arnasa, adore, lasaitasun eta itxaropen handiagoz bizitzeko gizarte eta komunitate gisa bizitzen ari garen egoera zail, korapilatsu edo [&hellip;]","og_url":"https:\/\/sjloyola.org\/eu\/event\/abendualdiko-otoitz-topaketa\/","og_site_name":"Jesuitas Loyola","og_image":[{"url":"https:\/\/files.oaiusercontent.com\/file-X7mQOIi8MOfL8JLWgdH8Sy9P?se=2024-11-20T08%3A24%3A38Z&amp;sp=r&amp;sv=2024-08-04&amp;sr=b&amp;rscc=max-age%3D604800%2C%20immutable%2C%20private&amp;rscd=attachment%3B%20filename%3D4a806ab8-9ce4-47be-8ce6-06d0b4694eed.webp&amp;sig=cowX4G9%2BRWdGbKDJBksR7X0SRg\/YLJ1ee1pjlVVPqQs%3D","type":"","width":"","height":""}],"twitter_card":"summary_large_image","schema":{"@context":"https:\/\/schema.org","@graph":[{"@type":"WebPage","@id":"https:\/\/sjloyola.org\/eu\/event\/abendualdiko-otoitz-topaketa\/","url":"https:\/\/sjloyola.org\/eu\/event\/abendualdiko-otoitz-topaketa\/","name":"Abendualdiko otoitz-topaketa - Jesuitas Loyola","isPartOf":{"@id":"https:\/\/sjloyola.org\/eu\/#website"},"primaryImageOfPage":{"@id":"https:\/\/sjloyola.org\/eu\/event\/abendualdiko-otoitz-topaketa\/#primaryimage"},"image":{"@id":"https:\/\/sjloyola.org\/eu\/event\/abendualdiko-otoitz-topaketa\/#primaryimage"},"thumbnailUrl":"https:\/\/sjloyola.org\/wp-content\/uploads\/2024\/11\/Adviento-e1732096601610.webp","datePublished":"2024-11-20T08:21:40+00:00","breadcrumb":{"@id":"https:\/\/sjloyola.org\/eu\/event\/abendualdiko-otoitz-topaketa\/#breadcrumb"},"inLanguage":"eu-ES","potentialAction":[{"@type":"ReadAction","target":["https:\/\/sjloyola.org\/eu\/event\/abendualdiko-otoitz-topaketa\/"]}]},{"@type":"ImageObject","inLanguage":"eu-ES","@id":"https:\/\/sjloyola.org\/eu\/event\/abendualdiko-otoitz-topaketa\/#primaryimage","url":"https:\/\/sjloyola.org\/wp-content\/uploads\/2024\/11\/Adviento-e1732096601610.webp","contentUrl":"https:\/\/sjloyola.org\/wp-content\/uploads\/2024\/11\/Adviento-e1732096601610.webp","width":1024,"height":1024},{"@type":"BreadcrumbList","@id":"https:\/\/sjloyola.org\/eu\/event\/abendualdiko-otoitz-topaketa\/#breadcrumb","itemListElement":[{"@type":"ListItem","position":1,"name":"Portada","item":"https:\/\/sjloyola.org\/eu\/kantabria-errioxa-euskadi-eta-nafarroako-jesuitak\/"},{"@type":"ListItem","position":2,"name":"Events","item":"https:\/\/sjloyola.org\/eu\/events\/"},{"@type":"ListItem","position":3,"name":"Abendualdiko otoitz-topaketa"}]},{"@type":"WebSite","@id":"https:\/\/sjloyola.org\/eu\/#website","url":"https:\/\/sjloyola.org\/eu\/","name":"Jesuitas Loyola","description":"Plataforma Apost\u00f3lica de los Jesuitas en Cantabria, Pa\u00eds Vasco y Navarra","potentialAction":[{"@type":"SearchAction","target":{"@type":"EntryPoint","urlTemplate":"https:\/\/sjloyola.org\/eu\/?s={search_term_string}"},"query-input":{"@type":"PropertyValueSpecification","valueRequired":true,"valueName":"search_term_string"}}],"inLanguage":"eu-ES"}]}},"ticketed":false,"_links":{"self":[{"href":"https:\/\/sjloyola.org\/eu\/wp-json\/wp\/v2\/tribe_events\/8220","targetHints":{"allow":["GET"]}}],"collection":[{"href":"https:\/\/sjloyola.org\/eu\/wp-json\/wp\/v2\/tribe_events"}],"about":[{"href":"https:\/\/sjloyola.org\/eu\/wp-json\/wp\/v2\/types\/tribe_events"}],"author":[{"embeddable":true,"href":"https:\/\/sjloyola.org\/eu\/wp-json\/wp\/v2\/users\/5"}],"version-history":[{"count":0,"href":"https:\/\/sjloyola.org\/eu\/wp-json\/wp\/v2\/tribe_events\/8220\/revisions"}],"wp:featuredmedia":[{"embeddable":true,"href":"https:\/\/sjloyola.org\/eu\/wp-json\/wp\/v2\/media\/8217"}],"wp:attachment":[{"href":"https:\/\/sjloyola.org\/eu\/wp-json\/wp\/v2\/media?parent=8220"}],"wp:term":[{"taxonomy":"post_tag","embeddable":true,"href":"https:\/\/sjloyola.org\/eu\/wp-json\/wp\/v2\/tags?post=8220"},{"taxonomy":"tribe_events_cat","embeddable":true,"href":"https:\/\/sjloyola.org\/eu\/wp-json\/wp\/v2\/tribe_events_cat?post=8220"}],"curies":[{"name":"wp","href":"https:\/\/api.w.org\/{rel}","templated":true}]}}

<div>Erretiroari dagokionez, eta Abendu aldiko denbora aprobetxatuz, denbora bat eskainiko zaio bihotzari arnasa, adore, lasaitasun eta itxaropen handiagoz bizitzeko gizarte eta komunitate gisa bizitzen ari garen egoera zail, korapilatsu edo etsigarriak.</div>
<div class="x_elementToProof">Komunitatean gure inguruneko errealitateari begiratuko diogu eta izarrak diren pertsonak edo esparruak identifikatuko ditugu Gure bidea gidatzen duten izar biziak, pozez eta itxaropenez betetzen gaituztenak, komunitate abegikor eta inklusiboak izateko.</div>
<div>
            <img decoding="async" src="https://files.oaiusercontent.com/file-X7mQOIi8MOfL8JLWgdH8Sy9P?se=2024-11-20T08%3A24%3A38Z&amp;sp=r&amp;sv=2024-08-04&amp;sr=b&amp;rscc=max-age%3D604800%2C%20immutable%2C%20private&amp;rscd=attachment%3B%20filename%3D4a806ab8-9ce4-47be-8ce6-06d0b4694eed.webp&amp;sig=cowX4G9%2BRWdGbKDJBksR7X0SRg/YLJ1ee1pjlVVPqQs%3D" alt="Una escena representativa de una comunidad diversa reunida al aire libre, mirando hacia el cielo nocturno donde brillan estrellas luminosas. Algunas de las estrellas tienen formas simbólicas que representan personas o ámbitos que inspiran esperanza y alegría. La comunidad está formada por personas de diferentes edades, culturas y trasfondos, en un ambiente de armonía y unión. El paisaje incluye árboles y una atmósfera serena, con colores cálidos y acogedores.">
          </div>

<!-- This site is optimized with the Yoast SEO plugin v27.4 - https://yoast.com/product/yoast-seo-wordpress/ -->
<title>Abendualdiko otoitz-topaketa - Jesuitas Loyola</title>
<meta name="robots" content="index, follow, max-snippet:-1, max-image-preview:large, max-video-preview:-1" />
<link rel="canonical" href="https://sjloyola.org/eu/event/abendualdiko-otoitz-topaketa/" />
<meta property="og:locale" content="eu_ES" />
<meta property="og:type" content="article" />
<meta property="og:title" content="Abendualdiko otoitz-topaketa - Jesuitas Loyola" />
<meta property="og:description" content="Erretiroari dagokionez, eta Abendu aldiko denbora aprobetxatuz, denbora bat eskainiko zaio bihotzari arnasa, adore, lasaitasun eta itxaropen handiagoz bizitzeko gizarte eta komunitate gisa bizitzen ari garen egoera zail, korapilatsu edo [&hellip;]" />
<meta property="og:url" content="https://sjloyola.org/eu/event/abendualdiko-otoitz-topaketa/" />
<meta property="og:site_name" content="Jesuitas Loyola" />
<meta property="og:image" content="https://files.oaiusercontent.com/file-X7mQOIi8MOfL8JLWgdH8Sy9P?se=2024-11-20T08%3A24%3A38Z&amp;sp=r&amp;sv=2024-08-04&amp;sr=b&amp;rscc=max-age%3D604800%2C%20immutable%2C%20private&amp;rscd=attachment%3B%20filename%3D4a806ab8-9ce4-47be-8ce6-06d0b4694eed.webp&amp;sig=cowX4G9%2BRWdGbKDJBksR7X0SRg/YLJ1ee1pjlVVPqQs%3D" />
<meta name="twitter:card" content="summary_large_image" />
<script type="application/ld+json" class="yoast-schema-graph">{"@context":"https:\/\/schema.org","@graph":[{"@type":"WebPage","@id":"https:\/\/sjloyola.org\/eu\/event\/abendualdiko-otoitz-topaketa\/","url":"https:\/\/sjloyola.org\/eu\/event\/abendualdiko-otoitz-topaketa\/","name":"Abendualdiko otoitz-topaketa - Jesuitas Loyola","isPartOf":{"@id":"https:\/\/sjloyola.org\/eu\/#website"},"primaryImageOfPage":{"@id":"https:\/\/sjloyola.org\/eu\/event\/abendualdiko-otoitz-topaketa\/#primaryimage"},"image":{"@id":"https:\/\/sjloyola.org\/eu\/event\/abendualdiko-otoitz-topaketa\/#primaryimage"},"thumbnailUrl":"https:\/\/sjloyola.org\/wp-content\/uploads\/2024\/11\/Adviento-e1732096601610.webp","datePublished":"2024-11-20T08:21:40+00:00","breadcrumb":{"@id":"https:\/\/sjloyola.org\/eu\/event\/abendualdiko-otoitz-topaketa\/#breadcrumb"},"inLanguage":"eu-ES","potentialAction":[{"@type":"ReadAction","target":["https:\/\/sjloyola.org\/eu\/event\/abendualdiko-otoitz-topaketa\/"]}]},{"@type":"ImageObject","inLanguage":"eu-ES","@id":"https:\/\/sjloyola.org\/eu\/event\/abendualdiko-otoitz-topaketa\/#primaryimage","url":"https:\/\/sjloyola.org\/wp-content\/uploads\/2024\/11\/Adviento-e1732096601610.webp","contentUrl":"https:\/\/sjloyola.org\/wp-content\/uploads\/2024\/11\/Adviento-e1732096601610.webp","width":1024,"height":1024},{"@type":"BreadcrumbList","@id":"https:\/\/sjloyola.org\/eu\/event\/abendualdiko-otoitz-topaketa\/#breadcrumb","itemListElement":[{"@type":"ListItem","position":1,"name":"Portada","item":"https:\/\/sjloyola.org\/eu\/kantabria-errioxa-euskadi-eta-nafarroako-jesuitak\/"},{"@type":"ListItem","position":2,"name":"Events","item":"https:\/\/sjloyola.org\/eu\/events\/"},{"@type":"ListItem","position":3,"name":"Abendualdiko otoitz-topaketa"}]},{"@type":"WebSite","@id":"https:\/\/sjloyola.org\/eu\/#website","url":"https:\/\/sjloyola.org\/eu\/","name":"Jesuitas Loyola","description":"Plataforma Apostólica de los Jesuitas en Cantabria, País Vasco y Navarra","potentialAction":[{"@type":"SearchAction","target":{"@type":"EntryPoint","urlTemplate":"https:\/\/sjloyola.org\/eu\/?s={search_term_string}"},"query-input":{"@type":"PropertyValueSpecification","valueRequired":true,"valueName":"search_term_string"}}],"inLanguage":"eu-ES"}]}</script>
<!-- / Yoast SEO plugin. -->

Plataforma Apostólica de los Jesuitas en Cantabria, País Vasco y Navarra
