{"id":7746,"date":"2024-08-21T11:36:37","date_gmt":"2024-08-21T09:36:37","guid":{"rendered":"https:\/\/sjloyola.org\/event\/irunako-san-ignacio-ikastetxean-zuzendari-berria\/"},"modified":"2024-08-21T11:48:08","modified_gmt":"2024-08-21T09:48:08","slug":"irunako-san-ignacio-ikastetxean-zuzendari-berria","status":"publish","type":"tribe_events","link":"https:\/\/sjloyola.org\/eu\/event\/irunako-san-ignacio-ikastetxean-zuzendari-berria\/","title":{"rendered":"Iru\u00f1ako San ignacio ikastetxean Zuzendari berria"},"content":{"rendered":"<p>Durante el primer claustro del curso acad\u00e9mico 2024-25 tomar\u00e1 posisi\u00f3n del cargo la nueva directora del colegio Sagrario Vera.<\/p>\n","protected":false},"excerpt":{"rendered":"<p>Durante el primer claustro del curso acad\u00e9mico 2024-25 tomar\u00e1 posisi\u00f3n del cargo la nueva directora del colegio Sagrario Vera.<\/p>\n","protected":false},"author":5,"featured_media":7752,"template":"","meta":{"_et_pb_use_builder":"","_et_pb_old_content":"","_et_gb_content_width":"","_price":"","_stock":"","_tribe_ticket_header":"","_tribe_default_ticket_provider":"","_ticket_start_date":"","_ticket_end_date":"","_tribe_ticket_show_description":"","_tribe_ticket_show_not_going":false,"_tribe_ticket_use_global_stock":"","_tribe_ticket_global_stock_level":"","_global_stock_mode":"","_global_stock_cap":"","_tribe_rsvp_for_event":"","_tribe_ticket_going_count":"","_tribe_ticket_not_going_count":"","_tribe_tickets_list":"[]","_tribe_ticket_has_attendee_info_fields":false,"_tribe_events_status":"","_tribe_events_status_reason":"","footnotes":"","_tec_slr_enabled":"","_tec_slr_layout":""},"tags":[],"tribe_events_cat":[],"class_list":["post-7746","tribe_events","type-tribe_events","status-publish","has-post-thumbnail","hentry"],"yoast_head":"<!-- This site is optimized with the Yoast SEO plugin v27.5 - https:\/\/yoast.com\/product\/yoast-seo-wordpress\/ -->\n<title>Iru\u00f1ako San ignacio ikastetxean Zuzendari berria - Jesuitas Loyola<\/title>\n<meta name=\"robots\" content=\"index, follow, max-snippet:-1, max-image-preview:large, max-video-preview:-1\" \/>\n<link rel=\"canonical\" href=\"https:\/\/sjloyola.org\/eu\/event\/irunako-san-ignacio-ikastetxean-zuzendari-berria\/\" \/>\n<meta property=\"og:locale\" content=\"eu_ES\" \/>\n<meta property=\"og:type\" content=\"article\" \/>\n<meta property=\"og:title\" content=\"Iru\u00f1ako San ignacio ikastetxean Zuzendari berria - Jesuitas Loyola\" \/>\n<meta property=\"og:description\" content=\"Durante el primer claustro del curso acad\u00e9mico 2024-25 tomar\u00e1 posisi\u00f3n del cargo la nueva directora del colegio Sagrario Vera.\" \/>\n<meta property=\"og:url\" content=\"https:\/\/sjloyola.org\/eu\/event\/irunako-san-ignacio-ikastetxean-zuzendari-berria\/\" \/>\n<meta property=\"og:site_name\" content=\"Jesuitas Loyola\" \/>\n<meta property=\"article:modified_time\" content=\"2024-08-21T09:48:08+00:00\" \/>\n<meta property=\"og:image\" content=\"https:\/\/sjloyola.org\/wp-content\/uploads\/2024\/08\/Arcoiris-30-de-septiembre-2022-e1724234968104.jpeg\" \/>\n\t<meta property=\"og:image:width\" content=\"1600\" \/>\n\t<meta property=\"og:image:height\" content=\"1200\" \/>\n\t<meta property=\"og:image:type\" content=\"image\/jpeg\" \/>\n<meta name=\"twitter:card\" content=\"summary_large_image\" \/>\n<script type=\"application\/ld+json\" class=\"yoast-schema-graph\">{\"@context\":\"https:\\\/\\\/schema.org\",\"@graph\":[{\"@type\":\"WebPage\",\"@id\":\"https:\\\/\\\/sjloyola.org\\\/eu\\\/event\\\/irunako-san-ignacio-ikastetxean-zuzendari-berria\\\/\",\"url\":\"https:\\\/\\\/sjloyola.org\\\/eu\\\/event\\\/irunako-san-ignacio-ikastetxean-zuzendari-berria\\\/\",\"name\":\"Iru\u00f1ako San ignacio ikastetxean Zuzendari berria - Jesuitas Loyola\",\"isPartOf\":{\"@id\":\"https:\\\/\\\/sjloyola.org\\\/eu\\\/#website\"},\"primaryImageOfPage\":{\"@id\":\"https:\\\/\\\/sjloyola.org\\\/eu\\\/event\\\/irunako-san-ignacio-ikastetxean-zuzendari-berria\\\/#primaryimage\"},\"image\":{\"@id\":\"https:\\\/\\\/sjloyola.org\\\/eu\\\/event\\\/irunako-san-ignacio-ikastetxean-zuzendari-berria\\\/#primaryimage\"},\"thumbnailUrl\":\"https:\\\/\\\/sjloyola.org\\\/wp-content\\\/uploads\\\/2024\\\/08\\\/Arcoiris-30-de-septiembre-2022-e1724234968104.jpeg\",\"datePublished\":\"2024-08-21T09:36:37+00:00\",\"dateModified\":\"2024-08-21T09:48:08+00:00\",\"breadcrumb\":{\"@id\":\"https:\\\/\\\/sjloyola.org\\\/eu\\\/event\\\/irunako-san-ignacio-ikastetxean-zuzendari-berria\\\/#breadcrumb\"},\"inLanguage\":\"eu-ES\",\"potentialAction\":[{\"@type\":\"ReadAction\",\"target\":[\"https:\\\/\\\/sjloyola.org\\\/eu\\\/event\\\/irunako-san-ignacio-ikastetxean-zuzendari-berria\\\/\"]}]},{\"@type\":\"ImageObject\",\"inLanguage\":\"eu-ES\",\"@id\":\"https:\\\/\\\/sjloyola.org\\\/eu\\\/event\\\/irunako-san-ignacio-ikastetxean-zuzendari-berria\\\/#primaryimage\",\"url\":\"https:\\\/\\\/sjloyola.org\\\/wp-content\\\/uploads\\\/2024\\\/08\\\/Arcoiris-30-de-septiembre-2022-e1724234968104.jpeg\",\"contentUrl\":\"https:\\\/\\\/sjloyola.org\\\/wp-content\\\/uploads\\\/2024\\\/08\\\/Arcoiris-30-de-septiembre-2022-e1724234968104.jpeg\",\"width\":1600,\"height\":1200},{\"@type\":\"BreadcrumbList\",\"@id\":\"https:\\\/\\\/sjloyola.org\\\/eu\\\/event\\\/irunako-san-ignacio-ikastetxean-zuzendari-berria\\\/#breadcrumb\",\"itemListElement\":[{\"@type\":\"ListItem\",\"position\":1,\"name\":\"Portada\",\"item\":\"https:\\\/\\\/sjloyola.org\\\/eu\\\/kantabria-errioxa-euskadi-eta-nafarroako-jesuitak\\\/\"},{\"@type\":\"ListItem\",\"position\":2,\"name\":\"Events\",\"item\":\"https:\\\/\\\/sjloyola.org\\\/eu\\\/events\\\/\"},{\"@type\":\"ListItem\",\"position\":3,\"name\":\"Iru\u00f1ako San ignacio ikastetxean Zuzendari berria\"}]},{\"@type\":\"WebSite\",\"@id\":\"https:\\\/\\\/sjloyola.org\\\/eu\\\/#website\",\"url\":\"https:\\\/\\\/sjloyola.org\\\/eu\\\/\",\"name\":\"Jesuitas Loyola\",\"description\":\"Plataforma Apost\u00f3lica de los Jesuitas en Cantabria, Pa\u00eds Vasco y Navarra\",\"potentialAction\":[{\"@type\":\"SearchAction\",\"target\":{\"@type\":\"EntryPoint\",\"urlTemplate\":\"https:\\\/\\\/sjloyola.org\\\/eu\\\/?s={search_term_string}\"},\"query-input\":{\"@type\":\"PropertyValueSpecification\",\"valueRequired\":true,\"valueName\":\"search_term_string\"}}],\"inLanguage\":\"eu-ES\"}]}<\/script>\n<!-- \/ Yoast SEO plugin. -->","yoast_head_json":{"title":"Iru\u00f1ako San ignacio ikastetxean Zuzendari berria - Jesuitas Loyola","robots":{"index":"index","follow":"follow","max-snippet":"max-snippet:-1","max-image-preview":"max-image-preview:large","max-video-preview":"max-video-preview:-1"},"canonical":"https:\/\/sjloyola.org\/eu\/event\/irunako-san-ignacio-ikastetxean-zuzendari-berria\/","og_locale":"eu_ES","og_type":"article","og_title":"Iru\u00f1ako San ignacio ikastetxean Zuzendari berria - Jesuitas Loyola","og_description":"Durante el primer claustro del curso acad\u00e9mico 2024-25 tomar\u00e1 posisi\u00f3n del cargo la nueva directora del colegio Sagrario Vera.","og_url":"https:\/\/sjloyola.org\/eu\/event\/irunako-san-ignacio-ikastetxean-zuzendari-berria\/","og_site_name":"Jesuitas Loyola","article_modified_time":"2024-08-21T09:48:08+00:00","og_image":[{"width":1600,"height":1200,"url":"https:\/\/sjloyola.org\/wp-content\/uploads\/2024\/08\/Arcoiris-30-de-septiembre-2022-e1724234968104.jpeg","type":"image\/jpeg"}],"twitter_card":"summary_large_image","schema":{"@context":"https:\/\/schema.org","@graph":[{"@type":"WebPage","@id":"https:\/\/sjloyola.org\/eu\/event\/irunako-san-ignacio-ikastetxean-zuzendari-berria\/","url":"https:\/\/sjloyola.org\/eu\/event\/irunako-san-ignacio-ikastetxean-zuzendari-berria\/","name":"Iru\u00f1ako San ignacio ikastetxean Zuzendari berria - Jesuitas Loyola","isPartOf":{"@id":"https:\/\/sjloyola.org\/eu\/#website"},"primaryImageOfPage":{"@id":"https:\/\/sjloyola.org\/eu\/event\/irunako-san-ignacio-ikastetxean-zuzendari-berria\/#primaryimage"},"image":{"@id":"https:\/\/sjloyola.org\/eu\/event\/irunako-san-ignacio-ikastetxean-zuzendari-berria\/#primaryimage"},"thumbnailUrl":"https:\/\/sjloyola.org\/wp-content\/uploads\/2024\/08\/Arcoiris-30-de-septiembre-2022-e1724234968104.jpeg","datePublished":"2024-08-21T09:36:37+00:00","dateModified":"2024-08-21T09:48:08+00:00","breadcrumb":{"@id":"https:\/\/sjloyola.org\/eu\/event\/irunako-san-ignacio-ikastetxean-zuzendari-berria\/#breadcrumb"},"inLanguage":"eu-ES","potentialAction":[{"@type":"ReadAction","target":["https:\/\/sjloyola.org\/eu\/event\/irunako-san-ignacio-ikastetxean-zuzendari-berria\/"]}]},{"@type":"ImageObject","inLanguage":"eu-ES","@id":"https:\/\/sjloyola.org\/eu\/event\/irunako-san-ignacio-ikastetxean-zuzendari-berria\/#primaryimage","url":"https:\/\/sjloyola.org\/wp-content\/uploads\/2024\/08\/Arcoiris-30-de-septiembre-2022-e1724234968104.jpeg","contentUrl":"https:\/\/sjloyola.org\/wp-content\/uploads\/2024\/08\/Arcoiris-30-de-septiembre-2022-e1724234968104.jpeg","width":1600,"height":1200},{"@type":"BreadcrumbList","@id":"https:\/\/sjloyola.org\/eu\/event\/irunako-san-ignacio-ikastetxean-zuzendari-berria\/#breadcrumb","itemListElement":[{"@type":"ListItem","position":1,"name":"Portada","item":"https:\/\/sjloyola.org\/eu\/kantabria-errioxa-euskadi-eta-nafarroako-jesuitak\/"},{"@type":"ListItem","position":2,"name":"Events","item":"https:\/\/sjloyola.org\/eu\/events\/"},{"@type":"ListItem","position":3,"name":"Iru\u00f1ako San ignacio ikastetxean Zuzendari berria"}]},{"@type":"WebSite","@id":"https:\/\/sjloyola.org\/eu\/#website","url":"https:\/\/sjloyola.org\/eu\/","name":"Jesuitas Loyola","description":"Plataforma Apost\u00f3lica de los Jesuitas en Cantabria, Pa\u00eds Vasco y Navarra","potentialAction":[{"@type":"SearchAction","target":{"@type":"EntryPoint","urlTemplate":"https:\/\/sjloyola.org\/eu\/?s={search_term_string}"},"query-input":{"@type":"PropertyValueSpecification","valueRequired":true,"valueName":"search_term_string"}}],"inLanguage":"eu-ES"}]}},"ticketed":false,"_links":{"self":[{"href":"https:\/\/sjloyola.org\/eu\/wp-json\/wp\/v2\/tribe_events\/7746","targetHints":{"allow":["GET"]}}],"collection":[{"href":"https:\/\/sjloyola.org\/eu\/wp-json\/wp\/v2\/tribe_events"}],"about":[{"href":"https:\/\/sjloyola.org\/eu\/wp-json\/wp\/v2\/types\/tribe_events"}],"author":[{"embeddable":true,"href":"https:\/\/sjloyola.org\/eu\/wp-json\/wp\/v2\/users\/5"}],"version-history":[{"count":1,"href":"https:\/\/sjloyola.org\/eu\/wp-json\/wp\/v2\/tribe_events\/7746\/revisions"}],"predecessor-version":[{"id":7750,"href":"https:\/\/sjloyola.org\/eu\/wp-json\/wp\/v2\/tribe_events\/7746\/revisions\/7750"}],"wp:featuredmedia":[{"embeddable":true,"href":"https:\/\/sjloyola.org\/eu\/wp-json\/wp\/v2\/media\/7752"}],"wp:attachment":[{"href":"https:\/\/sjloyola.org\/eu\/wp-json\/wp\/v2\/media?parent=7746"}],"wp:term":[{"taxonomy":"post_tag","embeddable":true,"href":"https:\/\/sjloyola.org\/eu\/wp-json\/wp\/v2\/tags?post=7746"},{"taxonomy":"tribe_events_cat","embeddable":true,"href":"https:\/\/sjloyola.org\/eu\/wp-json\/wp\/v2\/tribe_events_cat?post=7746"}],"curies":[{"name":"wp","href":"https:\/\/api.w.org\/{rel}","templated":true}]}}

Iruñako San ignacio ikastetxean Zuzendari berria

<p>Durante el primer claustro del curso académico 2024-25 tomará posisión del cargo la nueva directora del colegio Sagrario Vera.</p>

<!-- This site is optimized with the Yoast SEO plugin v27.5 - https://yoast.com/product/yoast-seo-wordpress/ -->
<title>Iruñako San ignacio ikastetxean Zuzendari berria - Jesuitas Loyola</title>
<meta name="robots" content="index, follow, max-snippet:-1, max-image-preview:large, max-video-preview:-1" />
<link rel="canonical" href="https://sjloyola.org/eu/event/irunako-san-ignacio-ikastetxean-zuzendari-berria/" />
<meta property="og:locale" content="eu_ES" />
<meta property="og:type" content="article" />
<meta property="og:title" content="Iruñako San ignacio ikastetxean Zuzendari berria - Jesuitas Loyola" />
<meta property="og:description" content="Durante el primer claustro del curso académico 2024-25 tomará posisión del cargo la nueva directora del colegio Sagrario Vera." />
<meta property="og:url" content="https://sjloyola.org/eu/event/irunako-san-ignacio-ikastetxean-zuzendari-berria/" />
<meta property="og:site_name" content="Jesuitas Loyola" />
<meta property="article:modified_time" content="2024-08-21T09:48:08+00:00" />
<meta property="og:image" content="https://sjloyola.org/wp-content/uploads/2024/08/Arcoiris-30-de-septiembre-2022-e1724234968104.jpeg" />
	<meta property="og:image:width" content="1600" />
	<meta property="og:image:height" content="1200" />
	<meta property="og:image:type" content="image/jpeg" />
<meta name="twitter:card" content="summary_large_image" />
<script type="application/ld+json" class="yoast-schema-graph">{"@context":"https:\/\/schema.org","@graph":[{"@type":"WebPage","@id":"https:\/\/sjloyola.org\/eu\/event\/irunako-san-ignacio-ikastetxean-zuzendari-berria\/","url":"https:\/\/sjloyola.org\/eu\/event\/irunako-san-ignacio-ikastetxean-zuzendari-berria\/","name":"Iruñako San ignacio ikastetxean Zuzendari berria - Jesuitas Loyola","isPartOf":{"@id":"https:\/\/sjloyola.org\/eu\/#website"},"primaryImageOfPage":{"@id":"https:\/\/sjloyola.org\/eu\/event\/irunako-san-ignacio-ikastetxean-zuzendari-berria\/#primaryimage"},"image":{"@id":"https:\/\/sjloyola.org\/eu\/event\/irunako-san-ignacio-ikastetxean-zuzendari-berria\/#primaryimage"},"thumbnailUrl":"https:\/\/sjloyola.org\/wp-content\/uploads\/2024\/08\/Arcoiris-30-de-septiembre-2022-e1724234968104.jpeg","datePublished":"2024-08-21T09:36:37+00:00","dateModified":"2024-08-21T09:48:08+00:00","breadcrumb":{"@id":"https:\/\/sjloyola.org\/eu\/event\/irunako-san-ignacio-ikastetxean-zuzendari-berria\/#breadcrumb"},"inLanguage":"eu-ES","potentialAction":[{"@type":"ReadAction","target":["https:\/\/sjloyola.org\/eu\/event\/irunako-san-ignacio-ikastetxean-zuzendari-berria\/"]}]},{"@type":"ImageObject","inLanguage":"eu-ES","@id":"https:\/\/sjloyola.org\/eu\/event\/irunako-san-ignacio-ikastetxean-zuzendari-berria\/#primaryimage","url":"https:\/\/sjloyola.org\/wp-content\/uploads\/2024\/08\/Arcoiris-30-de-septiembre-2022-e1724234968104.jpeg","contentUrl":"https:\/\/sjloyola.org\/wp-content\/uploads\/2024\/08\/Arcoiris-30-de-septiembre-2022-e1724234968104.jpeg","width":1600,"height":1200},{"@type":"BreadcrumbList","@id":"https:\/\/sjloyola.org\/eu\/event\/irunako-san-ignacio-ikastetxean-zuzendari-berria\/#breadcrumb","itemListElement":[{"@type":"ListItem","position":1,"name":"Portada","item":"https:\/\/sjloyola.org\/eu\/kantabria-errioxa-euskadi-eta-nafarroako-jesuitak\/"},{"@type":"ListItem","position":2,"name":"Events","item":"https:\/\/sjloyola.org\/eu\/events\/"},{"@type":"ListItem","position":3,"name":"Iruñako San ignacio ikastetxean Zuzendari berria"}]},{"@type":"WebSite","@id":"https:\/\/sjloyola.org\/eu\/#website","url":"https:\/\/sjloyola.org\/eu\/","name":"Jesuitas Loyola","description":"Plataforma Apostólica de los Jesuitas en Cantabria, País Vasco y Navarra","potentialAction":[{"@type":"SearchAction","target":{"@type":"EntryPoint","urlTemplate":"https:\/\/sjloyola.org\/eu\/?s={search_term_string}"},"query-input":{"@type":"PropertyValueSpecification","valueRequired":true,"valueName":"search_term_string"}}],"inLanguage":"eu-ES"}]}</script>
<!-- / Yoast SEO plugin. -->

Iruñako San ignacio ikastetxean Zuzendari berria - Jesuitas Loyola

Durante el primer claustro del curso académico 2024-25 tomará posisión del cargo la nueva directora del colegio Sagrario Vera.

Plataforma Apostólica de los Jesuitas en Cantabria, País Vasco y Navarra
